CRAN Package Check Results for Package lestat

Last updated on 2025-11-20 02:49:18 CET.

Flavor Version Tinstall Tcheck Ttotal Status Flags
r-devel-linux-x86_64-debian-clang 1.9 5.56 43.95 49.51 NOTE
r-devel-linux-x86_64-debian-gcc 1.9 3.80 31.39 35.19 NOTE
r-devel-linux-x86_64-fedora-clang 1.9 12.00 62.91 74.91 OK
r-devel-linux-x86_64-fedora-gcc 1.9 12.00 58.08 70.08 OK
r-devel-windows-x86_64 1.9 7.00 61.00 68.00 OK
r-patched-linux-x86_64 1.9 6.92 40.04 46.96 OK
r-release-linux-x86_64 1.9 5.26 40.66 45.92 OK
r-release-macos-arm64 1.9 OK
r-release-macos-x86_64 1.9 5.00 35.00 40.00 OK
r-release-windows-x86_64 1.9 6.00 62.00 68.00 OK
r-oldrel-macos-arm64 1.9 OK
r-oldrel-macos-x86_64 1.9 4.00 29.00 33.00 OK
r-oldrel-windows-x86_64 1.9 7.00 69.00 76.00 OK

Check Details

Version: 1.9
Check: CRAN incoming feasibility
Result: NOTE Maintainer: ‘Petter Mostad <mostad@chalmers.se>’ No Authors@R field in DESCRIPTION. Please add one, modifying Authors@R: person(given = "Petter", family = "Mostad", role = c("aut", "cre"), email = "mostad@chalmers.se") as necessary. Flavors: r-devel-linux-x86_64-debian-clang, r-devel-linux-x86_64-debian-gcc