Last updated on 2025-05-13 01:51:07 CEST.
Flavor | Version | Tinstall | Tcheck | Ttotal | Status | Flags |
---|---|---|---|---|---|---|
r-devel-linux-x86_64-debian-clang | 1.23.0 | 12.13 | 18.28 | 30.41 | OK | |
r-devel-linux-x86_64-debian-gcc | 1.23.1 | 10.05 | 15.36 | 25.41 | OK | |
r-devel-linux-x86_64-fedora-clang | 1.23.1 | 48.32 | OK | |||
r-devel-linux-x86_64-fedora-gcc | 1.23.1 | 54.27 | OK | |||
r-devel-windows-x86_64 | 1.23.0 | 37.00 | 37.00 | 74.00 | OK | |
r-patched-linux-x86_64 | 1.23.0 | 12.57 | 16.15 | 28.72 | OK | |
r-release-linux-x86_64 | 1.23.0 | 12.14 | 16.37 | 28.51 | OK | |
r-release-macos-arm64 | 1.23.1 | 19.00 | OK | |||
r-release-macos-x86_64 | 1.23.1 | 41.00 | OK | |||
r-release-windows-x86_64 | 1.23.1 | 40.00 | 36.00 | 76.00 | OK | |
r-oldrel-macos-arm64 | 1.23.1 | 23.00 | NOTE | |||
r-oldrel-macos-x86_64 | 1.23.1 | 47.00 | NOTE |
Version: 1.23.1
Check: for GNU extensions in Makefiles
Result: NOTE
GNU make is a SystemRequirements.
Flavors: r-oldrel-macos-arm64, r-oldrel-macos-x86_64