Last updated on 2024-07-27 01:53:15 CEST.
Flavor | Version | Tinstall | Tcheck | Ttotal | Status | Flags |
---|---|---|---|---|---|---|
r-devel-linux-x86_64-debian-clang | 3.11.1-2 | 939.51 | 25.23 | 964.74 | OK | |
r-devel-linux-x86_64-debian-gcc | 3.11.1-2 | 570.26 | 20.09 | 590.35 | OK | |
r-devel-linux-x86_64-fedora-clang | 3.11.1-2 | 1764.08 | OK | |||
r-devel-linux-x86_64-fedora-gcc | 3.11.1-2 | 1433.20 | OK | |||
r-devel-windows-x86_64 | 3.11.1-2 | 686.00 | 91.00 | 777.00 | OK | |
r-patched-linux-x86_64 | 3.11.1-2 | OK | ||||
r-release-linux-x86_64 | 3.11.1-2 | 747.40 | 24.99 | 772.39 | OK | |
r-release-macos-arm64 | 3.11.1-2 | 225.00 | NOTE | |||
r-release-macos-x86_64 | 3.11.1-2 | 172.00 | NOTE | |||
r-release-windows-x86_64 | 3.11.1-2 | 690.00 | 94.00 | 784.00 | OK | |
r-oldrel-macos-arm64 | 3.11.1-2 | 254.00 | NOTE | |||
r-oldrel-macos-x86_64 | 3.11.1-2 | 175.00 | NOTE | |||
r-oldrel-windows-x86_64 | 3.11.1-2 | 661.00 | 108.00 | 769.00 | OK |
Version: 3.11.1-2
Check: installed package size
Result: NOTE
installed size is 43.5Mb
sub-directories of 1Mb or more:
libs 43.3Mb
Flavors: r-release-macos-arm64, r-release-macos-x86_64, r-oldrel-macos-arm64, r-oldrel-macos-x86_64