Last updated on 2025-05-24 01:51:25 CEST.
Flavor | Version | Tinstall | Tcheck | Ttotal | Status | Flags |
---|---|---|---|---|---|---|
r-devel-linux-x86_64-debian-clang | 3.1.9 | 13.93 | 18.39 | 32.32 | OK | |
r-devel-linux-x86_64-debian-gcc | 3.1.9 | 10.87 | 15.68 | 26.55 | OK | |
r-devel-linux-x86_64-fedora-clang | 3.1.9 | 59.10 | OK | |||
r-devel-linux-x86_64-fedora-gcc | 3.1.9 | 41.66 | OK | |||
r-devel-windows-x86_64 | 3.1.9 | 47.00 | 37.00 | 84.00 | OK | |
r-patched-linux-x86_64 | 3.1.9 | 13.37 | 15.95 | 29.32 | OK | |
r-release-macos-arm64 | 3.1.9 | 19.00 | OK | |||
r-release-macos-x86_64 | 3.1.9 | 45.00 | OK | |||
r-release-windows-x86_64 | 3.1.9 | 51.00 | 38.00 | 89.00 | OK | |
r-oldrel-macos-arm64 | 3.1.9 | 24.00 | NOTE | |||
r-oldrel-macos-x86_64 | 3.1.9 | 43.00 | NOTE |
Version: 3.1.9
Check: for GNU extensions in Makefiles
Result: NOTE
GNU make is a SystemRequirements.
Flavors: r-oldrel-macos-arm64, r-oldrel-macos-x86_64