Last updated on 2025-04-30 01:50:24 CEST.
Flavor | Version | Tinstall | Tcheck | Ttotal | Status | Flags |
---|---|---|---|---|---|---|
r-devel-linux-x86_64-debian-gcc | 0.1.1 | 4.66 | 159.66 | 164.32 | NOTE | |
r-devel-linux-x86_64-fedora-clang | 0.1.1 | 172.87 | OK | |||
r-devel-linux-x86_64-fedora-gcc | 0.1.1 | 204.16 | OK | |||
r-devel-windows-x86_64 | 0.1.1 | 10.00 | 218.00 | 228.00 | OK | |
r-release-macos-arm64 | 0.1.1 | 55.00 | OK | |||
r-release-macos-x86_64 | 0.1.1 | 158.00 | OK | |||
r-oldrel-macos-arm64 | 0.1.1 | 59.00 | OK | |||
r-oldrel-macos-x86_64 | 0.1.1 | 138.00 | OK |
Version: 0.1.1
Check: examples
Result: NOTE
Examples with CPU (user + system) or elapsed time > 5s
user system elapsed
licoread 2.132 0.730 11.679
licoread_to_fluxible 1.878 0.703 11.149
Flavor: r-devel-linux-x86_64-debian-gcc