Last updated on 2024-07-27 01:53:15 CEST.
Flavor | Version | Tinstall | Tcheck | Ttotal | Status | Flags |
---|---|---|---|---|---|---|
r-devel-linux-x86_64-debian-clang | 4.1.2 | 150.32 | 539.55 | 689.87 | OK | |
r-devel-linux-x86_64-debian-gcc | 4.1.2 | 111.13 | 383.40 | 494.53 | OK | |
r-devel-linux-x86_64-fedora-clang | 4.1.2 | 880.63 | OK | |||
r-devel-linux-x86_64-fedora-gcc | 4.1.2 | 916.96 | OK | |||
r-devel-windows-x86_64 | 4.1.2 | 128.00 | 391.00 | 519.00 | NOTE | |
r-patched-linux-x86_64 | 4.1.2 | OK | ||||
r-release-linux-x86_64 | 4.1.2 | 138.23 | 509.96 | 648.19 | OK | |
r-release-macos-arm64 | 4.1.2 | 237.00 | NOTE | |||
r-release-macos-x86_64 | 4.1.2 | 605.00 | NOTE | |||
r-release-windows-x86_64 | 4.1.2 | 124.00 | 375.00 | 499.00 | NOTE | |
r-oldrel-macos-arm64 | 4.1.2 | 231.00 | ERROR | |||
r-oldrel-macos-x86_64 | 4.1.2 | 485.00 | ERROR | |||
r-oldrel-windows-x86_64 | 4.1.2 | 151.00 | 493.00 | 644.00 | NOTE |
Version: 4.1.2
Check: installed package size
Result: NOTE
installed size is 5.4Mb
sub-directories of 1Mb or more:
R 1.0Mb
doc 1.0Mb
extdata 1.1Mb
libs 1.6Mb
Flavors: r-devel-windows-x86_64, r-release-macos-arm64, r-release-macos-x86_64, r-release-windows-x86_64, r-oldrel-macos-arm64, r-oldrel-macos-x86_64, r-oldrel-windows-x86_64
Version: 4.1.2
Check: running R code from vignettes
Result: ERROR
Errors in running code in vignettes:
when running code in ‘lidR-LAScatalog-engine.Rmd’
...
> plot(ctg, chunk = TRUE)
> opt_chunk_buffer(ctg) <- 0
> rasterize_terrain(ctg, 1, tin())
When sourcing ‘lidR-LAScatalog-engine.R’:
Error: A buffer greater than 0 is required to process the catalog.
Execution halted
‘lidR-LAS-class.Rmd’ using ‘UTF-8’... [3s/3s] OK
‘lidR-LAScatalog-class.Rmd’ using ‘UTF-8’... [4s/4s] OK
‘lidR-LAScatalog-engine.Rmd’ using ‘UTF-8’... failed
‘lidR-catalog-apply-examples.Rmd’ using ‘UTF-8’... [0s/0s] OK
‘lidR-computation-speed-LAScatalog.Rmd’ using ‘UTF-8’... [3s/3s] OK
Flavor: r-oldrel-macos-arm64
Version: 4.1.2
Check: running R code from vignettes
Result: ERROR
Errors in running code in vignettes:
when running code in ‘lidR-LAScatalog-engine.Rmd’
...
> plot(ctg, chunk = TRUE)
> opt_chunk_buffer(ctg) <- 0
> rasterize_terrain(ctg, 1, tin())
When sourcing ‘lidR-LAScatalog-engine.R’:
Error: A buffer greater than 0 is required to process the catalog.
Execution halted
‘lidR-LAS-class.Rmd’ using ‘UTF-8’... [5s/6s] OK
‘lidR-LAScatalog-class.Rmd’ using ‘UTF-8’... [6s/9s] OK
‘lidR-LAScatalog-engine.Rmd’ using ‘UTF-8’... failed
‘lidR-catalog-apply-examples.Rmd’ using ‘UTF-8’... [0s/0s] OK
‘lidR-computation-speed-LAScatalog.Rmd’ using ‘UTF-8’... [6s/7s] OK
Flavor: r-oldrel-macos-x86_64