Last updated on 2025-11-13 01:50:24 CET.
| Flavor | Version | Tinstall | Tcheck | Ttotal | Status | Flags |
|---|---|---|---|---|---|---|
| r-devel-linux-x86_64-debian-clang | 1.0.3 | 31.38 | 264.92 | 296.30 | OK | |
| r-devel-linux-x86_64-debian-gcc | 1.0.3 | 19.96 | 163.95 | 183.91 | OK | |
| r-devel-linux-x86_64-fedora-clang | 1.0.3 | 132.00 | 355.13 | 487.13 | NOTE | |
| r-devel-linux-x86_64-fedora-gcc | 1.0.3 | 59.00 | 388.78 | 447.78 | NOTE | |
| r-devel-windows-x86_64 | 1.0.3 | 26.00 | 199.00 | 225.00 | OK | |
| r-patched-linux-x86_64 | 1.0.3 | 23.55 | 243.31 | 266.86 | OK | |
| r-release-linux-x86_64 | 1.0.3 | 26.97 | 244.08 | 271.05 | OK | |
| r-release-macos-arm64 | 1.0.3 | 10.00 | 91.00 | 101.00 | OK | |
| r-release-macos-x86_64 | 1.0.3 | 29.00 | 166.00 | 195.00 | OK | |
| r-release-windows-x86_64 | 1.0.3 | 26.00 | 195.00 | 221.00 | OK | |
| r-oldrel-macos-arm64 | 1.0.3 | 11.00 | 88.00 | 99.00 | OK | |
| r-oldrel-macos-x86_64 | 1.0.3 | 23.00 | 212.00 | 235.00 | OK | |
| r-oldrel-windows-x86_64 | 1.0.3 | 38.00 | 275.00 | 313.00 | OK |
Version: 1.0.3
Check: dependencies in R code
Result: NOTE
Namespace in Imports field not imported from: ‘knitr’
All declared Imports should be used.
Flavors: r-devel-linux-x86_64-fedora-clang, r-devel-linux-x86_64-fedora-gcc