Last updated on 2025-05-04 02:50:09 CEST.
Flavor | Version | Tinstall | Tcheck | Ttotal | Status | Flags |
---|---|---|---|---|---|---|
r-devel-linux-x86_64-debian-clang | 1.1.5 | 8.90 | 69.35 | 78.25 | NOTE | |
r-devel-linux-x86_64-debian-gcc | 1.1.5 | 7.01 | 49.42 | 56.43 | NOTE | |
r-devel-linux-x86_64-fedora-clang | 1.1.5 | 122.45 | OK | |||
r-devel-linux-x86_64-fedora-gcc | 1.1.5 | 116.87 | OK | |||
r-devel-windows-x86_64 | 1.1.5 | 10.00 | 78.00 | 88.00 | OK | |
r-patched-linux-x86_64 | 1.1.5 | 9.58 | 66.31 | 75.89 | OK | |
r-release-linux-x86_64 | OK | |||||
r-release-macos-arm64 | 1.1.5 | 58.00 | OK | |||
r-release-macos-x86_64 | 1.1.5 | 77.00 | OK | |||
r-release-windows-x86_64 | 1.1.5 | 10.00 | 81.00 | 91.00 | OK | |
r-oldrel-macos-arm64 | 1.1.5 | 35.00 | OK | |||
r-oldrel-macos-x86_64 | 1.1.5 | 84.00 | OK | |||
r-oldrel-windows-x86_64 | 1.1.5 | 14.00 | 98.00 | 112.00 | OK |
Version: 1.1.5
Check: CRAN incoming feasibility
Result: NOTE
Maintainer: ‘Peter Cahusac <peteqsac@gmail.com>’
Found the following \keyword or \concept entries
which likely give several index terms:
File ‘L_1way_ANOVA.Rd’:
\keyword{ANOVA;}
\keyword{Likelihood;}
\keyword{support;}
File ‘L_1way_RM_ANOVA.Rd’:
\keyword{Likelihood;}
\keyword{support;}
File ‘L_1way_cat.Rd’:
\keyword{Likelihood-based;}
\keyword{binomial;}
File ‘L_2S_ttest.Rd’:
\keyword{Likelihood;}
\keyword{support;}
\keyword{test;}
File ‘L_2way_Factorial_ANOVA.Rd’:
\keyword{ANOVA;}
\keyword{Likelihood;}
\keyword{support;}
File ‘L_2way_cat.Rd’:
\keyword{Likelihood-based;}
File ‘L_OR.Rd’:
\keyword{Likelihood;}
\keyword{interval;}
\keyword{ratio;}
\keyword{support;}
File ‘L_RR.Rd’:
\keyword{Likelihood;}
\keyword{interval;}
\keyword{risk;}
\keyword{support;}
File ‘L_corr.Rd’:
\keyword{Likelihood;}
\keyword{correlation;}
\keyword{support;}
File ‘L_efficacy.Rd’:
\keyword{efficacy;}
\keyword{interval;}
\keyword{support;}
File ‘L_logistic_regress.Rd’:
\keyword{Likelihood;}
\keyword{support;}
File ‘L_regress.Rd’:
\keyword{Likelihood;}
\keyword{linear;}
\keyword{quadratic;}
\keyword{regression;}
\keyword{support;}
File ‘L_t_test_sample_size.Rd’:
\keyword{Likelihood;}
\keyword{evidence;}
\keyword{size;}
\keyword{test;}
File ‘L_ttest.Rd’:
\keyword{Likelihood;}
\keyword{support;}
\keyword{test;}
Flavors: r-devel-linux-x86_64-debian-clang, r-devel-linux-x86_64-debian-gcc