Last updated on 2024-07-27 01:53:15 CEST.
Flavor | Version | Tinstall | Tcheck | Ttotal | Status | Flags |
---|---|---|---|---|---|---|
r-devel-linux-x86_64-debian-clang | 2.1.1 | 59.00 | 431.78 | 490.78 | OK | |
r-devel-linux-x86_64-debian-gcc | 2.1.1 | 45.72 | 313.63 | 359.35 | OK | |
r-devel-linux-x86_64-fedora-clang | 2.1.1 | 636.43 | NOTE | |||
r-devel-linux-x86_64-fedora-gcc | 2.1.1 | 596.59 | OK | |||
r-devel-windows-x86_64 | 2.1.1 | 51.00 | 276.00 | 327.00 | OK | |
r-patched-linux-x86_64 | 2.1.1 | OK | ||||
r-release-linux-x86_64 | 2.1.1 | 56.97 | 405.49 | 462.46 | OK | |
r-release-macos-arm64 | 2.1.1 | 161.00 | OK | |||
r-release-macos-x86_64 | 2.1.1 | 227.00 | OK | |||
r-release-windows-x86_64 | 2.1.1 | 51.00 | 278.00 | 329.00 | OK | |
r-oldrel-macos-arm64 | 2.1.1 | 177.00 | OK | |||
r-oldrel-macos-x86_64 | 2.1.1 | 167.00 | OK | |||
r-oldrel-windows-x86_64 | 2.1.1 | 67.00 | 355.00 | 422.00 | OK |
Version: 2.1.1
Check: package dependencies
Result: NOTE
Imports includes 26 non-default packages.
Importing from so many packages makes the package vulnerable to any of
them becoming unavailable. Move as many as possible to Suggests and
use conditionally.
Flavor: r-devel-linux-x86_64-fedora-clang