Last updated on 2025-02-14 02:49:46 CET.
Flavor | Version | Tinstall | Tcheck | Ttotal | Status | Flags |
---|---|---|---|---|---|---|
r-devel-linux-x86_64-debian-clang | 1.0.7 | 52.28 | 87.93 | 140.21 | OK | |
r-devel-linux-x86_64-debian-gcc | 1.0.7 | 38.66 | 61.35 | 100.01 | OK | |
r-devel-linux-x86_64-fedora-clang | 1.0.7 | 242.72 | OK | |||
r-devel-linux-x86_64-fedora-gcc | 1.0.7 | 251.63 | OK | |||
r-devel-windows-x86_64 | 1.0.7 | 59.00 | 120.00 | 179.00 | OK | |
r-patched-linux-x86_64 | 1.0.7 | 58.32 | 81.43 | 139.75 | OK | |
r-release-linux-x86_64 | 1.0.7 | 55.99 | 82.66 | 138.65 | OK | |
r-release-macos-arm64 | 1.0.7 | 40.00 | NOTE | |||
r-release-macos-x86_64 | 1.0.7 | 64.00 | NOTE | |||
r-release-windows-x86_64 | 1.0.7 | 59.00 | 114.00 | 173.00 | OK | |
r-oldrel-macos-arm64 | 1.0.7 | 72.00 | NOTE | |||
r-oldrel-macos-x86_64 | 1.0.7 | 154.00 | NOTE | |||
r-oldrel-windows-x86_64 | 1.0.7 | 52.00 | 144.00 | 196.00 | OK |
Version: 1.0.7
Check: installed package size
Result: NOTE
installed size is 5.3Mb
sub-directories of 1Mb or more:
libs 4.8Mb
Flavors: r-release-macos-arm64, r-release-macos-x86_64, r-oldrel-macos-arm64, r-oldrel-macos-x86_64