Last updated on 2024-07-27 01:53:15 CEST.
Flavor | Version | Tinstall | Tcheck | Ttotal | Status | Flags |
---|---|---|---|---|---|---|
r-devel-linux-x86_64-debian-clang | 1.1.17 | 9.02 | 94.35 | 103.37 | OK | |
r-devel-linux-x86_64-debian-gcc | 1.1.17 | 5.54 | 71.68 | 77.22 | NOTE | |
r-devel-linux-x86_64-fedora-clang | 1.1.17 | 130.90 | NOTE | |||
r-devel-linux-x86_64-fedora-gcc | 1.1.17 | 137.35 | NOTE | |||
r-devel-windows-x86_64 | 1.1.17 | 10.00 | 111.00 | 121.00 | NOTE | |
r-patched-linux-x86_64 | 1.1.17 | OK | ||||
r-release-linux-x86_64 | 1.1.17 | 8.56 | 88.04 | 96.60 | OK | |
r-release-macos-arm64 | 1.1.17 | 53.00 | OK | |||
r-release-macos-x86_64 | 1.1.17 | 89.00 | OK | |||
r-release-windows-x86_64 | 1.1.17 | 10.00 | 113.00 | 123.00 | OK | |
r-oldrel-macos-arm64 | 1.1.17 | 62.00 | OK | |||
r-oldrel-macos-x86_64 | 1.1.17 | 111.00 | OK | |||
r-oldrel-windows-x86_64 | 1.1.17 | 12.00 | 127.00 | 139.00 | OK |
Version: 1.1.17
Check: Rd cross-references
Result: NOTE
Found the following Rd file(s) with Rd \link{} targets missing package
anchors:
map.feature.Rd: bandwidth.nrd, colorNumeric
polygon.points_kde.Rd: bandwidth.nrd
Please provide package anchors for all Rd \link{} targets not in the
package itself and the base packages.
Flavors: r-devel-linux-x86_64-debian-gcc, r-devel-windows-x86_64
Version: 1.1.17
Check: Rd cross-references
Result: NOTE
Undeclared package ‘magrittr’ in Rd xrefs
Flavor: r-devel-linux-x86_64-fedora-clang
Version: 1.1.17
Check: data for non-ASCII characters
Result: NOTE
Note: found 60798 marked UTF-8 strings
Flavors: r-devel-linux-x86_64-fedora-clang, r-devel-linux-x86_64-fedora-gcc