Last updated on 2025-02-05 02:48:52 CET.
Flavor | Version | Tinstall | Tcheck | Ttotal | Status | Flags |
---|---|---|---|---|---|---|
r-devel-linux-x86_64-debian-clang | 1.0.0 | 25.99 | 134.02 | 160.01 | NOTE | |
r-devel-linux-x86_64-debian-gcc | 1.0.0 | 19.94 | 102.74 | 122.68 | NOTE | |
r-devel-linux-x86_64-fedora-clang | 1.0.0 | 254.29 | NOTE | |||
r-devel-linux-x86_64-fedora-gcc | 1.0.0 | 244.49 | NOTE | |||
r-devel-windows-x86_64 | 1.0.0 | 22.00 | 120.00 | 142.00 | NOTE | |
r-patched-linux-x86_64 | 1.0.0 | 27.51 | 127.60 | 155.11 | NOTE | |
r-release-linux-x86_64 | 1.0.0 | 25.46 | 127.47 | 152.93 | NOTE | |
r-release-macos-arm64 | 1.0.0 | 63.00 | NOTE | |||
r-release-macos-x86_64 | 1.0.0 | 118.00 | NOTE | |||
r-release-windows-x86_64 | 1.0.0 | 21.00 | 118.00 | 139.00 | NOTE | |
r-oldrel-macos-arm64 | 1.0.0 | 50.00 | NOTE | |||
r-oldrel-macos-x86_64 | 1.0.0 | 91.00 | NOTE | |||
r-oldrel-windows-x86_64 | 1.0.0 | 25.00 | 147.00 | 172.00 | NOTE |
Version: 1.0.0
Check: Rd files
Result: NOTE
checkRd: (-1) MHDI.Rd:23: Escaped LaTeX specials: \&
Flavors: r-devel-linux-x86_64-debian-clang, r-devel-linux-x86_64-debian-gcc, r-devel-linux-x86_64-fedora-clang, r-devel-linux-x86_64-fedora-gcc, r-devel-windows-x86_64, r-patched-linux-x86_64, r-release-linux-x86_64, r-release-macos-arm64, r-release-macos-x86_64, r-release-windows-x86_64, r-oldrel-macos-arm64, r-oldrel-macos-x86_64, r-oldrel-windows-x86_64