Last updated on 2024-07-27 01:53:15 CEST.
Flavor | Version | Tinstall | Tcheck | Ttotal | Status | Flags |
---|---|---|---|---|---|---|
r-devel-linux-x86_64-debian-clang | 1.0.0 | 28.84 | 171.97 | 200.81 | NOTE | |
r-devel-linux-x86_64-debian-gcc | 1.0.0 | 26.43 | 130.90 | 157.33 | NOTE | |
r-devel-linux-x86_64-fedora-clang | 1.0.0 | 264.81 | NOTE | |||
r-devel-linux-x86_64-fedora-gcc | 1.0.0 | 245.75 | NOTE | |||
r-devel-windows-x86_64 | 1.0.0 | 19.00 | 123.00 | 142.00 | NOTE | |
r-patched-linux-x86_64 | 1.0.0 | NOTE | ||||
r-release-linux-x86_64 | 1.0.0 | 21.34 | 167.35 | 188.69 | NOTE | |
r-release-macos-arm64 | 1.0.0 | 63.00 | NOTE | |||
r-release-macos-x86_64 | 1.0.0 | 118.00 | NOTE | |||
r-release-windows-x86_64 | 1.0.0 | 18.00 | 127.00 | 145.00 | NOTE | |
r-oldrel-macos-arm64 | 1.0.0 | 50.00 | NOTE | |||
r-oldrel-macos-x86_64 | 1.0.0 | 91.00 | NOTE | |||
r-oldrel-windows-x86_64 | 1.0.0 | 26.00 | 149.00 | 175.00 | NOTE |
Version: 1.0.0
Check: Rd files
Result: NOTE
checkRd: (-1) MHDI.Rd:23: Escaped LaTeX specials: \&
Flavors: r-devel-linux-x86_64-debian-clang, r-devel-linux-x86_64-debian-gcc, r-devel-linux-x86_64-fedora-clang, r-devel-linux-x86_64-fedora-gcc, r-devel-windows-x86_64, r-patched-linux-x86_64, r-release-linux-x86_64, r-release-macos-arm64, r-release-macos-x86_64, r-release-windows-x86_64, r-oldrel-macos-arm64, r-oldrel-macos-x86_64, r-oldrel-windows-x86_64