Last updated on 2025-11-19 01:48:52 CET.
| Flavor | Version | Tinstall | Tcheck | Ttotal | Status | Flags |
|---|---|---|---|---|---|---|
| r-devel-linux-x86_64-debian-clang | 1.0.90 | 15.87 | 169.00 | 184.87 | OK | |
| r-devel-linux-x86_64-debian-gcc | 1.0.90 | 9.91 | 124.50 | 134.41 | OK | |
| r-devel-linux-x86_64-fedora-clang | 1.0.90 | 88.00 | 209.71 | 297.71 | OK | |
| r-devel-linux-x86_64-fedora-gcc | 1.0.90 | 32.00 | 265.11 | 297.11 | OK | |
| r-devel-windows-x86_64 | 1.0.90 | 20.00 | 189.00 | 209.00 | OK | |
| r-patched-linux-x86_64 | 1.0.90 | 16.56 | 170.19 | 186.75 | OK | |
| r-release-linux-x86_64 | 1.0.90 | 15.44 | 166.85 | 182.29 | OK | |
| r-release-macos-arm64 | 1.0.90 | 7.00 | 86.00 | 93.00 | OK | |
| r-release-macos-x86_64 | 1.0.90 | 16.00 | 163.00 | 179.00 | OK | |
| r-release-windows-x86_64 | 1.0.90 | 18.00 | 192.00 | 210.00 | OK | |
| r-oldrel-macos-arm64 | 1.0.90 | 8.00 | 91.00 | 99.00 | NOTE | |
| r-oldrel-macos-x86_64 | 1.0.90 | 24.00 | 165.00 | 189.00 | NOTE | |
| r-oldrel-windows-x86_64 | 1.0.90 | 23.00 | 233.00 | 256.00 | OK |
Version: 1.0.90
Check: installed package size
Result: NOTE
installed size is 5.4Mb
sub-directories of 1Mb or more:
data 4.4Mb
Flavors: r-oldrel-macos-arm64, r-oldrel-macos-x86_64