Last updated on 2025-07-17 02:49:29 CEST.
Flavor | Version | Tinstall | Tcheck | Ttotal | Status | Flags |
---|---|---|---|---|---|---|
r-devel-linux-x86_64-debian-clang | 3.1-3 | 12.48 | 226.99 | 239.47 | NOTE | |
r-devel-linux-x86_64-debian-gcc | 3.1-3 | 8.92 | 157.31 | 166.23 | NOTE | |
r-devel-linux-x86_64-fedora-clang | 3.1-3 | 369.59 | OK | |||
r-devel-linux-x86_64-fedora-gcc | 3.1-3 | 352.91 | OK | |||
r-devel-windows-x86_64 | 3.1-3 | 14.00 | 207.00 | 221.00 | OK | |
r-patched-linux-x86_64 | 3.1-3 | 13.61 | 212.93 | 226.54 | OK | |
r-release-linux-x86_64 | 3.1-3 | 11.74 | 214.68 | 226.42 | OK | |
r-release-macos-arm64 | 3.1-3 | 107.00 | OK | |||
r-release-macos-x86_64 | 3.1-3 | 184.00 | OK | |||
r-release-windows-x86_64 | 3.1-3 | 14.00 | 212.00 | 226.00 | OK | |
r-oldrel-macos-arm64 | 3.1-3 | 96.00 | OK | |||
r-oldrel-macos-x86_64 | 3.1-3 | 139.00 | OK | |||
r-oldrel-windows-x86_64 | 3.1-3 | 19.00 | 282.00 | 301.00 | OK |
Version: 3.1-3
Check: CRAN incoming feasibility
Result: NOTE
Maintainer: ‘Rune Haubo Bojesen Christensen <Rune.Haubo@gmail.com>’
Found the following URLs which should use \doi (with the DOI name only):
File ‘ham.Rd’:
https://doi.org/10.1016/j.foodqual.2009.09.004
Flavors: r-devel-linux-x86_64-debian-clang, r-devel-linux-x86_64-debian-gcc