Last updated on 2025-11-13 01:50:25 CET.
| Flavor | Version | Tinstall | Tcheck | Ttotal | Status | Flags |
|---|---|---|---|---|---|---|
| r-devel-linux-x86_64-debian-clang | 0.2.4 | 14.70 | 120.11 | 134.81 | NOTE | |
| r-devel-linux-x86_64-debian-gcc | 0.2.4 | 9.11 | 84.03 | 93.14 | NOTE | |
| r-devel-linux-x86_64-fedora-clang | 0.2.4 | 38.00 | 174.21 | 212.21 | NOTE | |
| r-devel-linux-x86_64-fedora-gcc | 0.2.4 | 28.00 | 182.09 | 210.09 | NOTE | |
| r-devel-windows-x86_64 | 0.2.4 | 14.00 | 113.00 | 127.00 | NOTE | |
| r-patched-linux-x86_64 | 0.2.4 | 14.14 | 112.25 | 126.39 | NOTE | |
| r-release-linux-x86_64 | 0.2.4 | 13.88 | 112.68 | 126.56 | NOTE | |
| r-release-macos-arm64 | 0.2.4 | 6.00 | 50.00 | 56.00 | NOTE | |
| r-release-macos-x86_64 | 0.2.4 | 11.00 | 113.00 | 124.00 | NOTE | |
| r-release-windows-x86_64 | 0.2.4 | 15.00 | 116.00 | 131.00 | NOTE | |
| r-oldrel-macos-arm64 | 0.2.4 | 6.00 | 47.00 | 53.00 | NOTE | |
| r-oldrel-macos-x86_64 | 0.2.4 | 8.00 | 80.00 | 88.00 | NOTE | |
| r-oldrel-windows-x86_64 | 0.2.4 | 19.00 | 145.00 | 164.00 | NOTE |
Version: 0.2.4
Check: Rd files
Result: NOTE
checkRd: (-1) bootstrap_pvals.Rd:78: Lost braces; missing escapes or markup?
78 | $(n_{extreme} + 1) / (B + 1)$.
| ^
Flavors: r-devel-linux-x86_64-debian-clang, r-devel-linux-x86_64-debian-gcc, r-devel-linux-x86_64-fedora-clang, r-devel-linux-x86_64-fedora-gcc, r-devel-windows-x86_64, r-patched-linux-x86_64, r-release-linux-x86_64, r-release-macos-arm64, r-release-macos-x86_64, r-release-windows-x86_64, r-oldrel-macos-arm64, r-oldrel-macos-x86_64, r-oldrel-windows-x86_64