Last updated on 2025-11-20 03:50:14 CET.
| Flavor | Version | Tinstall | Tcheck | Ttotal | Status | Flags |
|---|---|---|---|---|---|---|
| r-devel-linux-x86_64-debian-clang | 1.3.0 | 17.60 | 134.89 | 152.49 | NOTE | |
| r-devel-linux-x86_64-debian-gcc | 1.3.0 | 14.46 | 97.11 | 111.57 | NOTE | |
| r-devel-linux-x86_64-fedora-clang | 1.3.0 | 62.00 | 177.22 | 239.22 | NOTE | |
| r-devel-linux-x86_64-fedora-gcc | 1.3.0 | 36.00 | 179.84 | 215.84 | NOTE | |
| r-devel-windows-x86_64 | 1.3.0 | 22.00 | 128.00 | 150.00 | NOTE | |
| r-patched-linux-x86_64 | 1.3.0 | 18.86 | 123.86 | 142.72 | NOTE | |
| r-release-linux-x86_64 | 1.3.0 | 16.78 | 122.64 | 139.42 | NOTE | |
| r-release-macos-arm64 | 1.3.0 | NOTE | ||||
| r-release-macos-x86_64 | 1.3.0 | 15.00 | 100.00 | 115.00 | NOTE | |
| r-release-windows-x86_64 | 1.3.0 | 21.00 | 130.00 | 151.00 | NOTE | |
| r-oldrel-macos-arm64 | 1.3.0 | OK | ||||
| r-oldrel-macos-x86_64 | 1.3.0 | 13.00 | 82.00 | 95.00 | OK | |
| r-oldrel-windows-x86_64 | 1.3.0 | 26.00 | 165.00 | 191.00 | OK |
Version: 1.3.0
Check: DESCRIPTION meta-information
Result: NOTE
Missing dependency on R >= 4.1.0 because package code uses the pipe
|> or function shorthand \(...) syntax added in R 4.1.0.
File(s) using such syntax:
‘mod_carga_datos.R’ ‘mod_correlacion_utils.R’ ‘mod_dispersion.R’
‘mod_distribuciones.R’ ‘mod_distribuciones_fct.R’
‘mod_distribuciones_utils.R’ ‘mod_normal_utils.R’
Flavors: r-devel-linux-x86_64-debian-clang, r-devel-linux-x86_64-debian-gcc, r-devel-linux-x86_64-fedora-clang, r-devel-linux-x86_64-fedora-gcc, r-devel-windows-x86_64, r-patched-linux-x86_64, r-release-linux-x86_64, r-release-macos-arm64, r-release-macos-x86_64, r-release-windows-x86_64