Last updated on 2025-11-16 01:49:20 CET.
| Flavor | Version | Tinstall | Tcheck | Ttotal | Status | Flags |
|---|---|---|---|---|---|---|
| r-devel-linux-x86_64-debian-clang | 0.1.2 | 3.45 | 36.20 | 39.65 | NOTE | |
| r-devel-linux-x86_64-debian-gcc | 0.1.2 | 2.69 | 27.79 | 30.48 | NOTE | |
| r-devel-linux-x86_64-fedora-clang | 0.1.2 | 58.52 | NOTE | |||
| r-devel-linux-x86_64-fedora-gcc | 0.1.2 | 54.48 | NOTE | |||
| r-devel-windows-x86_64 | 0.1.2 | 6.00 | 50.00 | 56.00 | NOTE | |
| r-patched-linux-x86_64 | 0.1.2 | 3.43 | 32.77 | 36.20 | NOTE | |
| r-release-linux-x86_64 | 0.1.2 | 3.38 | 32.56 | 35.94 | NOTE | |
| r-release-macos-arm64 | 0.1.2 | 2.00 | 21.00 | 23.00 | NOTE | |
| r-release-macos-x86_64 | 0.1.2 | 5.00 | 39.00 | 44.00 | NOTE | |
| r-release-windows-x86_64 | 0.1.2 | 6.00 | 50.00 | 56.00 | NOTE | |
| r-oldrel-macos-arm64 | 0.1.2 | 2.00 | 23.00 | 25.00 | OK | |
| r-oldrel-macos-x86_64 | 0.1.2 | 3.00 | 33.00 | 36.00 | OK | |
| r-oldrel-windows-x86_64 | 0.1.2 | 7.00 | 59.00 | 66.00 | OK |
Version: 0.1.2
Check: DESCRIPTION meta-information
Result: NOTE
Missing dependency on R >= 4.1.0 because package code uses the pipe
|> or function shorthand \(...) syntax added in R 4.1.0.
File(s) using such syntax:
‘locate.R’
Flavors: r-devel-linux-x86_64-debian-clang, r-devel-linux-x86_64-debian-gcc, r-devel-linux-x86_64-fedora-clang, r-devel-linux-x86_64-fedora-gcc, r-devel-windows-x86_64, r-patched-linux-x86_64, r-release-linux-x86_64, r-release-macos-arm64, r-release-macos-x86_64, r-release-windows-x86_64