Last updated on 2025-05-24 01:51:25 CEST.
Flavor | Version | Tinstall | Tcheck | Ttotal | Status | Flags |
---|---|---|---|---|---|---|
r-devel-linux-x86_64-debian-clang | 0.1.0 | 2.88 | 82.77 | 85.65 | NOTE | |
r-devel-linux-x86_64-debian-gcc | 0.1.0 | 2.33 | 55.29 | 57.62 | NOTE | |
r-devel-linux-x86_64-fedora-clang | 0.1.0 | 135.58 | NOTE | |||
r-devel-linux-x86_64-fedora-gcc | 0.1.0 | 142.71 | NOTE | |||
r-devel-windows-x86_64 | 0.1.0 | 6.00 | 99.00 | 105.00 | NOTE | |
r-patched-linux-x86_64 | 0.1.0 | 3.60 | 75.95 | 79.55 | NOTE | |
r-release-linux-x86_64 | 0.1.0 | 3.11 | 76.48 | 79.59 | NOTE | |
r-release-macos-arm64 | 0.1.0 | 52.00 | NOTE | |||
r-release-macos-x86_64 | 0.1.0 | 96.00 | NOTE | |||
r-release-windows-x86_64 | 0.1.0 | 6.00 | 95.00 | 101.00 | FAIL | |
r-oldrel-macos-arm64 | 0.1.0 | 46.00 | NOTE | |||
r-oldrel-macos-x86_64 | 0.1.0 | 78.00 | NOTE | |||
r-oldrel-windows-x86_64 | 0.1.0 | 7.00 | 115.00 | 122.00 | NOTE |
Version: 0.1.0
Check: Rd files
Result: NOTE
checkRd: (-1) SSE_GIA.Rd:13: Lost braces in \itemize; meant \describe ?
checkRd: (-1) SSE_GIA.Rd:14: Lost braces in \itemize; meant \describe ?
checkRd: (-1) SSE_GIA.Rd:15: Lost braces in \itemize; meant \describe ?
checkRd: (-1) boot_GIA.Rd:24: Lost braces in \itemize; meant \describe ?
checkRd: (-1) boot_GIA.Rd:25: Lost braces in \itemize; meant \describe ?
checkRd: (-1) boot_GIA.Rd:26: Lost braces in \itemize; meant \describe ?
checkRd: (-1) boot_GIA.Rd:46: Lost braces in \itemize; \value handles \item{}{} directly
checkRd: (-1) boot_GIA.Rd:47: Lost braces in \itemize; \value handles \item{}{} directly
checkRd: (-1) boot_GIA.Rd:48: Lost braces in \itemize; \value handles \item{}{} directly
checkRd: (-1) cyrpa_ripr.Rd:17: Lost braces
17 | \item{exp{x}{y}rep{z}}{the results from experiment x, sub item y, repetition z}
| ^
checkRd: (-1) cyrpa_ripr.Rd:17: Lost braces
17 | \item{exp{x}{y}rep{z}}{the results from experiment x, sub item y, repetition z}
| ^
checkRd: (-1) cyrpa_ripr.Rd:17: Lost braces
17 | \item{exp{x}{y}rep{z}}{the results from experiment x, sub item y, repetition z}
| ^
checkRd: (-1) estimate_params.Rd:22: Lost braces in \itemize; meant \describe ?
checkRd: (-1) estimate_params.Rd:23: Lost braces in \itemize; meant \describe ?
checkRd: (-1) estimate_params.Rd:24: Lost braces in \itemize; meant \describe ?
checkRd: (-1) estimate_params.Rd:44: Lost braces in \itemize; \value handles \item{}{} directly
checkRd: (-1) estimate_params.Rd:45: Lost braces in \itemize; \value handles \item{}{} directly
checkRd: (-1) estimate_params.Rd:46: Lost braces in \itemize; \value handles \item{}{} directly
checkRd: (-1) estimate_params.Rd:47: Lost braces in \itemize; \value handles \item{}{} directly
checkRd: (-1) rh5_ama1ron2.Rd:12: Lost braces
12 | \item{exp{x}{y}rep{z}}{the results from experiment x, sub item y, repetition z}
| ^
checkRd: (-1) rh5_ama1ron2.Rd:12: Lost braces
12 | \item{exp{x}{y}rep{z}}{the results from experiment x, sub item y, repetition z}
| ^
checkRd: (-1) rh5_ama1ron2.Rd:12: Lost braces
12 | \item{exp{x}{y}rep{z}}{the results from experiment x, sub item y, repetition z}
| ^
Flavors: r-devel-linux-x86_64-debian-clang, r-devel-linux-x86_64-debian-gcc, r-devel-linux-x86_64-fedora-clang, r-devel-linux-x86_64-fedora-gcc, r-devel-windows-x86_64, r-patched-linux-x86_64, r-release-linux-x86_64, r-release-macos-arm64, r-release-macos-x86_64, r-oldrel-macos-arm64, r-oldrel-macos-x86_64, r-oldrel-windows-x86_64
Version: 0.1.0
Check: whether the package can be unloaded cleanly
Result: FAIL
Check process probably crashed or hung up for 20 minutes ... killed
Most likely this happened in the example checks (?),
if not, ignore the following last lines of example output:
======== End of example output (where/before crash/hang up occured ?) ========
Flavor: r-release-windows-x86_64