Last updated on 2025-02-19 01:50:53 CET.
Flavor | Version | Tinstall | Tcheck | Ttotal | Status | Flags |
---|---|---|---|---|---|---|
r-devel-linux-x86_64-debian-clang | 0.1 | 5.56 | 35.91 | 41.47 | OK | |
r-devel-linux-x86_64-debian-gcc | 0.1 | 3.13 | 26.04 | 29.17 | OK | |
r-devel-linux-x86_64-fedora-clang | 0.1 | 64.74 | OK | |||
r-devel-linux-x86_64-fedora-gcc | 0.1 | 61.02 | OK | |||
r-devel-macos-arm64 | 0.1 | 25.00 | OK | |||
r-devel-macos-x86_64 | 0.1 | 43.00 | OK | |||
r-devel-windows-x86_64 | 0.1 | 6.00 | 53.00 | 59.00 | OK | |
r-patched-linux-x86_64 | 0.1 | 4.31 | 33.04 | 37.35 | NOTE | |
r-release-linux-x86_64 | 0.1 | 4.69 | 33.15 | 37.84 | NOTE | |
r-release-macos-arm64 | 0.1 | 25.00 | NOTE | |||
r-release-macos-x86_64 | 0.1 | 38.00 | NOTE | |||
r-release-windows-x86_64 | 0.1 | 6.00 | 53.00 | 59.00 | NOTE | |
r-oldrel-macos-arm64 | 0.1 | 24.00 | NOTE | |||
r-oldrel-macos-x86_64 | 0.1 | 34.00 | NOTE | |||
r-oldrel-windows-x86_64 | 0.1 | 8.00 | 57.00 | 65.00 | NOTE |
Version: 0.1
Check: LazyData
Result: NOTE
'LazyData' is specified without a 'data' directory
Flavors: r-patched-linux-x86_64, r-release-linux-x86_64, r-release-macos-arm64, r-release-macos-x86_64, r-release-windows-x86_64, r-oldrel-macos-arm64, r-oldrel-macos-x86_64, r-oldrel-windows-x86_64