Last updated on 2024-07-27 01:53:15 CEST.
Flavor | Version | Tinstall | Tcheck | Ttotal | Status | Flags |
---|---|---|---|---|---|---|
r-devel-linux-x86_64-debian-clang | 1.0.1 | 3.79 | 41.76 | 45.55 | OK | |
r-devel-linux-x86_64-debian-gcc | 1.0.1 | 3.29 | 31.03 | 34.32 | NOTE | |
r-devel-linux-x86_64-fedora-clang | 1.0.1 | 58.24 | NOTE | |||
r-devel-linux-x86_64-fedora-gcc | 1.0.1 | 52.29 | OK | |||
r-devel-windows-x86_64 | 1.0.1 | 5.00 | 52.00 | 57.00 | NOTE | |
r-patched-linux-x86_64 | 1.0.1 | OK | ||||
r-release-linux-x86_64 | 1.0.1 | 4.17 | 39.25 | 43.42 | OK | |
r-release-macos-arm64 | 1.0.1 | 22.00 | OK | |||
r-release-macos-x86_64 | 1.0.1 | 30.00 | OK | |||
r-release-windows-x86_64 | 1.0.1 | 5.00 | 52.00 | 57.00 | OK | |
r-oldrel-macos-arm64 | 1.0.1 | 23.00 | OK | |||
r-oldrel-macos-x86_64 | 1.0.1 | 52.00 | OK | |||
r-oldrel-windows-x86_64 | 1.0.1 | 6.00 | 56.00 | 62.00 | OK |
Version: 1.0.1
Check: Rd cross-references
Result: NOTE
Found the following Rd file(s) with Rd \link{} targets missing package
anchors:
lpacf.Epan.Rd: plot.lacf
lpacf.Rd: plot.lacf
summary.lpacf.Rd: print.lacf
Please provide package anchors for all Rd \link{} targets not in the
package itself and the base packages.
Flavors: r-devel-linux-x86_64-debian-gcc, r-devel-windows-x86_64
Version: 1.0.1
Check: Rd cross-references
Result: NOTE
Undeclared package ‘forecastLSW’ in Rd xrefs
Flavor: r-devel-linux-x86_64-fedora-clang