Last updated on 2025-05-25 01:49:46 CEST.
Flavor | Version | Tinstall | Tcheck | Ttotal | Status | Flags |
---|---|---|---|---|---|---|
r-devel-linux-x86_64-debian-clang | 1.2-0 | 18.17 | 120.46 | 138.63 | NOTE | |
r-devel-linux-x86_64-debian-gcc | 1.2-0 | 10.87 | 83.19 | 94.06 | NOTE | |
r-devel-linux-x86_64-fedora-clang | 1.2-0 | 219.68 | OK | |||
r-devel-linux-x86_64-fedora-gcc | 1.2-0 | 207.21 | OK | |||
r-devel-windows-x86_64 | 1.2-0 | 17.00 | 183.00 | 200.00 | OK | |
r-patched-linux-x86_64 | 1.2-0 | 16.84 | 113.56 | 130.40 | OK | |
r-release-linux-x86_64 | 1.2-0 | 16.31 | 111.81 | 128.12 | OK | |
r-release-macos-arm64 | 1.2-0 | 59.00 | OK | |||
r-release-macos-x86_64 | 1.2-0 | 123.00 | OK | |||
r-release-windows-x86_64 | 1.2-0 | 18.00 | 129.00 | 147.00 | OK | |
r-oldrel-macos-arm64 | 1.2-0 | 47.00 | OK | |||
r-oldrel-macos-x86_64 | 1.2-0 | 106.00 | OK | |||
r-oldrel-windows-x86_64 | 1.2-0 | 24.00 | 159.00 | 183.00 | OK |
Version: 1.2-0
Check: CRAN incoming feasibility
Result: NOTE
Maintainer: ‘Dimitris Rizopoulos <d.rizopoulos@erasmusmc.nl>’
No Authors@R field in DESCRIPTION.
Please add one, modifying
Authors@R: person(given = "Dimitris",
family = "Rizopoulos",
role = c("aut", "cre"),
email = "d.rizopoulos@erasmusmc.nl")
as necessary.
Package CITATION file contains call(s) to old-style personList() or
as.personList(). Please use c() on person objects instead.
Package CITATION file contains call(s) to old-style citEntry(). Please
use bibentry() instead.
Flavors: r-devel-linux-x86_64-debian-clang, r-devel-linux-x86_64-debian-gcc