Last updated on 2024-07-27 01:53:15 CEST.
Flavor | Version | Tinstall | Tcheck | Ttotal | Status | Flags |
---|---|---|---|---|---|---|
r-devel-linux-x86_64-debian-clang | 1.4.6 | 5.83 | 33.59 | 39.42 | NOTE | |
r-devel-linux-x86_64-debian-gcc | 1.4.6 | 3.77 | 24.93 | 28.70 | NOTE | |
r-devel-linux-x86_64-fedora-clang | 1.4.6 | 50.60 | NOTE | |||
r-devel-linux-x86_64-fedora-gcc | 1.4.6 | 46.59 | NOTE | |||
r-devel-windows-x86_64 | 1.4.6 | 11.00 | 58.00 | 69.00 | NOTE | |
r-patched-linux-x86_64 | 1.4.6 | NOTE | ||||
r-release-linux-x86_64 | 1.4.6 | 5.22 | 31.61 | 36.83 | NOTE | |
r-release-macos-arm64 | 1.4.6 | 18.00 | NOTE | |||
r-release-macos-x86_64 | 1.4.6 | 27.00 | NOTE | |||
r-release-windows-x86_64 | 1.4.6 | 11.00 | 52.00 | 63.00 | NOTE | |
r-oldrel-macos-arm64 | 1.4.6 | 19.00 | OK | |||
r-oldrel-macos-x86_64 | 1.4.6 | 29.00 | OK | |||
r-oldrel-windows-x86_64 | 1.4.6 | 10.00 | 51.00 | 61.00 | OK |
Version: 1.4.6
Check: Rd files
Result: NOTE
checkRd: (-1) DLSimulate.Rd:38: Lost braces
38 | code{\link{arima.sim}}
| ^
Flavors: r-devel-linux-x86_64-debian-clang, r-devel-linux-x86_64-debian-gcc, r-devel-linux-x86_64-fedora-clang, r-devel-linux-x86_64-fedora-gcc, r-devel-windows-x86_64, r-patched-linux-x86_64, r-release-linux-x86_64, r-release-macos-arm64, r-release-macos-x86_64, r-release-windows-x86_64
Version: 1.4.6
Check: compiled code
Result: NOTE
File ‘ltsa/libs/ltsa.so’:
Found no calls to: ‘R_registerRoutines’, ‘R_useDynamicSymbols’
It is good practice to register native routines and to disable symbol
search.
See ‘Writing portable packages’ in the ‘Writing R Extensions’ manual.
Flavors: r-devel-linux-x86_64-fedora-clang, r-devel-linux-x86_64-fedora-gcc