Last updated on 2025-05-07 01:50:03 CEST.
Flavor | Version | Tinstall | Tcheck | Ttotal | Status | Flags |
---|---|---|---|---|---|---|
r-devel-linux-x86_64-debian-clang | 1.0.7 | 2.13 | 54.14 | 56.27 | NOTE | |
r-devel-linux-x86_64-debian-gcc | 1.0.7 | 1.54 | 37.70 | 39.24 | NOTE | |
r-devel-linux-x86_64-fedora-clang | 1.0.7 | 92.68 | OK | |||
r-devel-linux-x86_64-fedora-gcc | 1.0.7 | 83.00 | OK | |||
r-devel-windows-x86_64 | 1.0.7 | 3.00 | 70.00 | 73.00 | OK | |
r-patched-linux-x86_64 | 1.0.7 | 2.43 | 51.57 | 54.00 | OK | |
r-release-linux-x86_64 | 1.0.7 | 1.91 | 51.30 | 53.21 | OK | |
r-release-macos-arm64 | 1.0.7 | 31.00 | OK | |||
r-release-macos-x86_64 | 1.0.7 | 68.00 | OK | |||
r-release-windows-x86_64 | 1.0.7 | 3.00 | 70.00 | 73.00 | OK | |
r-oldrel-macos-arm64 | 1.0.7 | 27.00 | OK | |||
r-oldrel-macos-x86_64 | 1.0.7 | 63.00 | OK | |||
r-oldrel-windows-x86_64 | 1.0.7 | 3.00 | 84.00 | 87.00 | OK |
Version: 1.0.7
Check: CRAN incoming feasibility
Result: NOTE
Maintainer: ‘Steven Rozen <steverozen@pm.me>’
Package CITATION file contains call(s) to old-style citEntry(). Please
use bibentry() instead.
Flavors: r-devel-linux-x86_64-debian-clang, r-devel-linux-x86_64-debian-gcc