Last updated on 2025-11-16 01:49:20 CET.
| Flavor | Version | Tinstall | Tcheck | Ttotal | Status | Flags |
|---|---|---|---|---|---|---|
| r-devel-linux-x86_64-debian-clang | 0.4.0 | 39.88 | 299.04 | 338.92 | OK | |
| r-devel-linux-x86_64-debian-gcc | 0.4.0 | 24.87 | 196.46 | 221.33 | NOTE | |
| r-devel-linux-x86_64-fedora-clang | 0.4.0 | 85.00 | 461.01 | 546.01 | OK | |
| r-devel-linux-x86_64-fedora-gcc | 0.4.0 | 89.00 | 442.81 | 531.81 | OK | |
| r-devel-windows-x86_64 | 0.4.0 | 41.00 | 246.00 | 287.00 | OK | |
| r-patched-linux-x86_64 | 0.4.0 | 35.34 | 294.96 | 330.30 | OK | |
| r-release-linux-x86_64 | 0.4.0 | 35.05 | 289.57 | 324.62 | OK | |
| r-release-macos-arm64 | 0.4.0 | 14.00 | 104.00 | 118.00 | OK | |
| r-release-macos-x86_64 | 0.4.0 | 43.00 | 234.00 | 277.00 | OK | |
| r-release-windows-x86_64 | 0.4.0 | 37.00 | 245.00 | 282.00 | OK | |
| r-oldrel-macos-arm64 | 0.4.0 | 15.00 | 96.00 | 111.00 | NOTE | |
| r-oldrel-macos-x86_64 | 0.4.0 | 24.00 | 186.00 | 210.00 | NOTE | |
| r-oldrel-windows-x86_64 | 0.4.0 | 50.00 | 332.00 | 382.00 | NOTE |
Version: 0.4.0
Check: CRAN incoming feasibility
Result: NOTE
Maintainer: ‘Zoltán Szelepcsényi <szelepcsenyi.zoltan@gmail.com>’
The BugReports field in DESCRIPTION has
https://github.com/szelepcsenyi/macroBiome/issues/
which should likely be
https://github.com/szelepcsenyi/macroBiome/issues/issues
instead.
Flavor: r-devel-linux-x86_64-debian-gcc
Version: 0.4.0
Check: package dependencies
Result: NOTE
Package suggested but not available for checking: ‘rnaturalearthhires’
Flavors: r-oldrel-macos-arm64, r-oldrel-macos-x86_64, r-oldrel-windows-x86_64