CRAN Package Check Results for Package madr

Last updated on 2025-05-04 02:50:10 CEST.

Flavor Version Tinstall Tcheck Ttotal Status Flags
r-devel-linux-x86_64-debian-clang 1.0.0 2.20 20.71 22.91 NOTE
r-devel-linux-x86_64-debian-gcc 1.0.0 1.56 16.38 17.94 NOTE
r-devel-linux-x86_64-fedora-clang 1.0.0 35.82 OK
r-devel-linux-x86_64-fedora-gcc 1.0.0 34.62 OK
r-devel-windows-x86_64 1.0.0 3.00 57.00 60.00 OK
r-patched-linux-x86_64 1.0.0 2.09 19.71 21.80 OK
r-release-linux-x86_64 OK
r-release-macos-arm64 1.0.0 16.00 OK
r-release-macos-x86_64 1.0.0 24.00 OK
r-release-windows-x86_64 1.0.0 3.00 66.00 69.00 OK
r-oldrel-macos-arm64 1.0.0 15.00 NOTE
r-oldrel-macos-x86_64 1.0.0 22.00 NOTE
r-oldrel-windows-x86_64 1.0.0 3.00 40.00 43.00 NOTE

Check Details

Version: 1.0.0
Check: CRAN incoming feasibility
Result: NOTE Maintainer: ‘Matthew Cefalu <Matthew_Cefalu@rand.org>’ No Authors@R field in DESCRIPTION. Please add one, modifying Authors@R: person(given = "Matthew", family = "Cefalu", role = c("aut", "cre"), email = "matthew_cefalu@rand.org") as necessary. Flavors: r-devel-linux-x86_64-debian-clang, r-devel-linux-x86_64-debian-gcc

Version: 1.0.0
Check: LazyData
Result: NOTE 'LazyData' is specified without a 'data' directory Flavors: r-oldrel-macos-arm64, r-oldrel-macos-x86_64, r-oldrel-windows-x86_64