Last updated on 2025-11-13 02:52:24 CET.
| Flavor | Version | Tinstall | Tcheck | Ttotal | Status | Flags |
|---|---|---|---|---|---|---|
| r-devel-linux-x86_64-debian-clang | 6.13.2 | 10.05 | 130.78 | 140.83 | OK | |
| r-devel-linux-x86_64-debian-gcc | 6.13.2 | 6.06 | 86.54 | 92.60 | OK | |
| r-devel-linux-x86_64-fedora-clang | 6.13.2 | 22.00 | 191.11 | 213.11 | OK | |
| r-devel-linux-x86_64-fedora-gcc | 6.13.2 | 21.00 | 197.72 | 218.72 | OK | |
| r-devel-windows-x86_64 | 6.13.2 | 10.00 | 141.00 | 151.00 | OK | |
| r-patched-linux-x86_64 | 6.13.2 | 9.93 | 118.84 | 128.77 | OK | |
| r-release-linux-x86_64 | 6.13.2 | 8.85 | 117.27 | 126.12 | OK | |
| r-release-macos-arm64 | 6.13.2 | 5.00 | 59.00 | 64.00 | OK | |
| r-release-macos-x86_64 | 6.13.2 | 8.00 | 119.00 | 127.00 | OK | |
| r-release-windows-x86_64 | 6.13.2 | 11.00 | 147.00 | 158.00 | OK | |
| r-oldrel-macos-arm64 | 6.13.2 | 4.00 | 54.00 | 58.00 | NOTE | |
| r-oldrel-macos-x86_64 | 6.13.2 | 7.00 | 88.00 | 95.00 | NOTE | |
| r-oldrel-windows-x86_64 | 6.13.2 | 12.00 | 178.00 | 190.00 | NOTE |
Version: 6.13.2
Check: package dependencies
Result: NOTE
Packages suggested but not available for checking: 'lpjmlkit', 'quitte'
Flavors: r-oldrel-macos-arm64, r-oldrel-macos-x86_64
Version: 6.13.2
Check: package dependencies
Result: NOTE
Package suggested but not available for checking: 'quitte'
Flavor: r-oldrel-windows-x86_64