Last updated on 2024-07-27 01:53:15 CEST.
Flavor | Version | Tinstall | Tcheck | Ttotal | Status | Flags |
---|---|---|---|---|---|---|
r-devel-linux-x86_64-debian-clang | 1.0.3 | 283.58 | 115.20 | 398.78 | OK | |
r-devel-linux-x86_64-debian-gcc | 1.0.3 | 176.35 | 89.24 | 265.59 | NOTE | |
r-devel-linux-x86_64-fedora-clang | 1.0.3 | 703.44 | OK | |||
r-devel-linux-x86_64-fedora-gcc | 1.0.3 | 603.62 | OK | |||
r-devel-windows-x86_64 | 1.0.3 | 223.00 | 137.00 | 360.00 | NOTE | |
r-patched-linux-x86_64 | 1.0.3 | OK | ||||
r-release-linux-x86_64 | 1.0.3 | 166.92 | 113.46 | 280.38 | OK | |
r-release-macos-arm64 | 1.0.3 | 121.00 | NOTE | |||
r-release-macos-x86_64 | 1.0.3 | 128.00 | NOTE | |||
r-release-windows-x86_64 | 1.0.3 | 274.00 | 139.00 | 413.00 | OK | |
r-oldrel-macos-arm64 | 1.0.3 | 136.00 | NOTE | |||
r-oldrel-macos-x86_64 | 1.0.3 | 189.00 | NOTE | |||
r-oldrel-windows-x86_64 | 1.0.3 | 263.00 | 172.00 | 435.00 | OK |
Version: 1.0.3
Check: Rd cross-references
Result: NOTE
Found the following Rd file(s) with Rd \link{} targets missing package
anchors:
as_tbl_graph.malan_pedigreelist.Rd: tbl_graph
get_nodes_edges.Rd: as_tbl_graph
Please provide package anchors for all Rd \link{} targets not in the
package itself and the base packages.
Flavors: r-devel-linux-x86_64-debian-gcc, r-devel-windows-x86_64
Version: 1.0.3
Check: installed package size
Result: NOTE
installed size is 10.5Mb
sub-directories of 1Mb or more:
libs 9.5Mb
Flavors: r-release-macos-arm64, r-release-macos-x86_64, r-oldrel-macos-arm64, r-oldrel-macos-x86_64