CRAN Package Check Results for Package malariaAtlas

Last updated on 2025-11-19 01:48:53 CET.

Flavor Version Tinstall Tcheck Ttotal Status Flags
r-devel-linux-x86_64-debian-clang 1.6.4 9.31 195.62 204.93 ERROR
r-devel-linux-x86_64-debian-gcc 1.6.4 5.93 132.51 138.44 ERROR
r-devel-linux-x86_64-fedora-clang 1.6.4 27.00 396.29 423.29 OK
r-devel-linux-x86_64-fedora-gcc 1.6.4 17.00 OK
r-devel-windows-x86_64 1.6.4 11.00 2466.00 2477.00 OK
r-patched-linux-x86_64 1.6.4 9.79 244.08 253.87 OK
r-release-linux-x86_64 1.6.4 8.87 239.01 247.88 OK
r-release-macos-arm64 1.6.4 4.00 141.00 145.00 OK
r-release-macos-x86_64 1.6.4 4.00 180.00 184.00 OK
r-release-windows-x86_64 1.6.4 10.00 321.00 331.00 OK
r-oldrel-macos-arm64 1.6.4 4.00 180.00 184.00 OK
r-oldrel-macos-x86_64 1.6.4 4.00 198.00 202.00 OK
r-oldrel-windows-x86_64 1.6.4 15.00 923.00 938.00 ERROR

Additional issues

OpenBLAS

Check Details

Version: 1.6.4
Check: re-building of vignette outputs
Result: ERROR Error(s) in re-building vignettes: ... --- re-building ‘overview.Rmd’ using rmarkdown Quitting from overview.Rmd:199-201 [unnamed-chunk-25] ~~~~~~~~~~~~~~~~~~~~~~~~~~~~~~~~~~~~~~~~~~~~~~~~~~~~~~~~~~~~~~~~~~~~~~~~~~~~~~~~ <error/rlang_error> Error: ! Cannot open "/home/hornik/tmp/scratch/RtmpW2Sq9v/file81b3313e8fd6c.json"; The source could be corrupt or not supported. See `st_drivers()` for a list of supported formats. --- Backtrace: ▆ 1. ├─ggplot2::autoplot(MDG_pr_data) 2. └─malariaAtlas:::autoplot.pr.points(MDG_pr_data) 3. └─malariaAtlas::getShp(ISO = unique_iso, format = "df", admin_level = admin_level_request) 4. └─malariaAtlas::listShp(...) 5. └─future.apply::future_lapply(...) 6. └─future.apply:::future_xapply(...) 7. └─base::tryCatch(...) 8. └─base (local) tryCatchList(expr, classes, parentenv, handlers) 9. └─base (local) tryCatchOne(...) 10. └─value[[3L]](cond) 11. └─future.apply:::onError(e, futures = fs, debug = debug) ~~~~~~~~~~~~~~~~~~~~~~~~~~~~~~~~~~~~~~~~~~~~~~~~~~~~~~~~~~~~~~~~~~~~~~~~~~~~~~~~ Error: processing vignette 'overview.Rmd' failed with diagnostics: Cannot open "/home/hornik/tmp/scratch/RtmpW2Sq9v/file81b3313e8fd6c.json"; The source could be corrupt or not supported. See `st_drivers()` for a list of supported formats. --- failed re-building ‘overview.Rmd’ SUMMARY: processing the following file failed: ‘overview.Rmd’ Error: Vignette re-building failed. Execution halted Flavor: r-devel-linux-x86_64-debian-clang

Version: 1.6.4
Check: re-building of vignette outputs
Result: ERROR Error(s) in re-building vignettes: ... --- re-building ‘overview.Rmd’ using rmarkdown Quitting from overview.Rmd:199-201 [unnamed-chunk-25] ~~~~~~~~~~~~~~~~~~~~~~~~~~~~~~~~~~~~~~~~~~~~~~~~~~~~~~~~~~~~~~~~~~~~~~~~~~~~~~~~ <error/rlang_error> Error: ! Cannot open "/tmp/RtmpdrjFno/file30c0ff4e5188d8.json"; The source could be corrupt or not supported. See `st_drivers()` for a list of supported formats. --- Backtrace: ▆ 1. ├─ggplot2::autoplot(MDG_pr_data) 2. └─malariaAtlas:::autoplot.pr.points(MDG_pr_data) 3. └─malariaAtlas::getShp(ISO = unique_iso, format = "df", admin_level = admin_level_request) 4. └─malariaAtlas::listShp(...) 5. └─future.apply::future_lapply(...) 6. └─future.apply:::future_xapply(...) 7. └─base::tryCatch(...) 8. └─base (local) tryCatchList(expr, classes, parentenv, handlers) 9. └─base (local) tryCatchOne(...) 10. └─value[[3L]](cond) 11. └─future.apply:::onError(e, futures = fs, debug = debug) ~~~~~~~~~~~~~~~~~~~~~~~~~~~~~~~~~~~~~~~~~~~~~~~~~~~~~~~~~~~~~~~~~~~~~~~~~~~~~~~~ Error: processing vignette 'overview.Rmd' failed with diagnostics: Cannot open "/tmp/RtmpdrjFno/file30c0ff4e5188d8.json"; The source could be corrupt or not supported. See `st_drivers()` for a list of supported formats. --- failed re-building ‘overview.Rmd’ SUMMARY: processing the following file failed: ‘overview.Rmd’ Error: Vignette re-building failed. Execution halted Flavor: r-devel-linux-x86_64-debian-gcc

Version: 1.6.4
Check: re-building of vignette outputs
Result: ERROR Error(s) in re-building vignettes: --- re-building 'overview.Rmd' using rmarkdown Quitting from overview.Rmd:199-201 [unnamed-chunk-25] ~~~~~~~~~~~~~~~~~~~~~~~~~~~~~~~~~~~~~~~~~~~~~~~~~~~~~~~~~~~~~~~~~~~~~~~~~~~~~~~~ <error/rlang_error> Error: ! Cannot open "D:\temp\2025_11_12_01_50_01_6119\RtmpcFdGvs\filed72012155691.json"; The source could be corrupt or not supported. See `st_drivers()` for a list of supported formats. --- Backtrace: ▆ 1. ├─ggplot2::autoplot(MDG_pr_data) 2. └─malariaAtlas:::autoplot.pr.points(MDG_pr_data) 3. └─malariaAtlas::getShp(ISO = unique_iso, format = "df", admin_level = admin_level_request) 4. └─malariaAtlas::listShp(...) 5. └─future.apply::future_lapply(...) 6. └─future.apply:::future_xapply(...) 7. └─base::tryCatch(...) 8. └─base (local) tryCatchList(expr, classes, parentenv, handlers) 9. └─base (local) tryCatchOne(...) 10. └─value[[3L]](cond) 11. └─future.apply:::onError(e, futures = fs, debug = debug) ~~~~~~~~~~~~~~~~~~~~~~~~~~~~~~~~~~~~~~~~~~~~~~~~~~~~~~~~~~~~~~~~~~~~~~~~~~~~~~~~ Error: processing vignette 'overview.Rmd' failed with diagnostics: Cannot open "D:\temp\2025_11_12_01_50_01_6119\RtmpcFdGvs\filed72012155691.json"; The source could be corrupt or not supported. See `st_drivers()` for a list of supported formats. --- failed re-building 'overview.Rmd' SUMMARY: processing the following file failed: 'overview.Rmd' Error: Vignette re-building failed. Execution halted Flavor: r-oldrel-windows-x86_64