Last updated on 2024-07-27 01:53:16 CEST.
Flavor | Version | Tinstall | Tcheck | Ttotal | Status | Flags |
---|---|---|---|---|---|---|
r-devel-linux-x86_64-debian-clang | 3.1 | 15.11 | 138.88 | 153.99 | OK | |
r-devel-linux-x86_64-debian-gcc | 3.1 | 13.02 | 103.89 | 116.91 | NOTE | |
r-devel-linux-x86_64-fedora-clang | 3.1 | 193.46 | OK | |||
r-devel-linux-x86_64-fedora-gcc | 3.1 | 195.08 | OK | |||
r-devel-windows-x86_64 | 3.1 | 14.00 | 113.00 | 127.00 | NOTE | |
r-patched-linux-x86_64 | 3.1 | OK | ||||
r-release-linux-x86_64 | 3.1 | 9.70 | 129.47 | 139.17 | OK | |
r-release-macos-arm64 | 3.1 | 48.00 | OK | |||
r-release-macos-x86_64 | 3.1 | 105.00 | OK | |||
r-release-windows-x86_64 | 3.1 | 15.00 | 113.00 | 128.00 | OK | |
r-oldrel-macos-arm64 | 3.1 | 54.00 | OK | |||
r-oldrel-macos-x86_64 | 3.1 | 151.00 | OK | |||
r-oldrel-windows-x86_64 | 3.1 | 18.00 | 135.00 | 153.00 | OK |
Version: 3.1
Check: Rd cross-references
Result: NOTE
Found the following Rd file(s) with Rd \link{} targets missing package
anchors:
mapStats.Rd: spplot
Please provide package anchors for all Rd \link{} targets not in the
package itself and the base packages.
Flavors: r-devel-linux-x86_64-debian-gcc, r-devel-windows-x86_64