Last updated on 2024-07-27 01:53:16 CEST.
Flavor | Version | Tinstall | Tcheck | Ttotal | Status | Flags |
---|---|---|---|---|---|---|
r-devel-linux-x86_64-debian-clang | 2.1.0 | 28.94 | 524.65 | 553.59 | OK | |
r-devel-linux-x86_64-debian-gcc | 2.1.0 | 24.16 | 381.99 | 406.15 | OK | |
r-devel-linux-x86_64-fedora-clang | 2.1.0 | 667.25 | NOTE | |||
r-devel-linux-x86_64-fedora-gcc | 2.1.0 | 880.68 | NOTE | |||
r-devel-windows-x86_64 | 2.1.0 | 24.00 | 424.00 | 448.00 | OK | |
r-patched-linux-x86_64 | 2.1.0 | OK | ||||
r-release-linux-x86_64 | 2.1.0 | 27.20 | 508.00 | 535.20 | OK | |
r-release-macos-arm64 | 2.1.0 | 276.00 | OK | |||
r-release-macos-x86_64 | 2.1.0 | 532.00 | OK | |||
r-release-windows-x86_64 | 2.1.0 | 24.00 | 405.00 | 429.00 | OK | |
r-oldrel-macos-arm64 | 2.1.0 | 241.00 | OK | |||
r-oldrel-macos-x86_64 | 2.1.0 | 789.00 | OK | |||
r-oldrel-windows-x86_64 | 2.1.0 | 32.00 | 487.00 | 519.00 | OK |
Version: 2.1.0
Check: data for non-ASCII characters
Result: NOTE
Note: found 1 marked UTF-8 string
Flavors: r-devel-linux-x86_64-fedora-clang, r-devel-linux-x86_64-fedora-gcc