Last updated on 2024-05-21 02:02:08 CEST.
Flavor | Version | Tinstall | Tcheck | Ttotal | Status | Flags |
---|---|---|---|---|---|---|
r-devel-linux-x86_64-debian-clang | 0.5.4 | 4.72 | 66.96 | 71.68 | OK | |
r-devel-linux-x86_64-debian-gcc | 0.5.4 | 3.50 | 50.15 | 53.65 | OK | |
r-devel-linux-x86_64-fedora-clang | 0.5.4 | 89.33 | NOTE | |||
r-devel-linux-x86_64-fedora-gcc | 0.5.4 | 100.88 | NOTE | |||
r-devel-windows-x86_64 | 0.5.4 | 5.00 | 78.00 | 83.00 | OK | |
r-patched-linux-x86_64 | 0.5.4 | 4.65 | 64.08 | 68.73 | OK | |
r-release-linux-x86_64 | 0.5.4 | 4.88 | 63.90 | 68.78 | OK | |
r-release-macos-arm64 | 0.5.4 | 34.00 | OK | |||
r-release-windows-x86_64 | 0.5.4 | 6.00 | 77.00 | 83.00 | OK | |
r-oldrel-macos-arm64 | 0.5.4 | 33.00 | OK | |||
r-oldrel-macos-x86_64 | 0.5.4 | 59.00 | OK | |||
r-oldrel-windows-x86_64 | 0.5.4 | 6.00 | 83.00 | 89.00 | OK |
Version: 0.5.4
Check: data for non-ASCII characters
Result: NOTE
Note: found 55 marked UTF-8 strings
Flavors: r-devel-linux-x86_64-fedora-clang, r-devel-linux-x86_64-fedora-gcc