Last updated on 2024-07-27 01:53:16 CEST.
Flavor | Version | Tinstall | Tcheck | Ttotal | Status | Flags |
---|---|---|---|---|---|---|
r-devel-linux-x86_64-debian-clang | 0.10.1 | 8.09 | 114.86 | 122.95 | OK | |
r-devel-linux-x86_64-debian-gcc | 0.10.1 | 7.45 | 84.48 | 91.93 | NOTE | |
r-devel-linux-x86_64-fedora-clang | 0.10.1 | 159.09 | OK | |||
r-devel-linux-x86_64-fedora-gcc | 0.10.1 | 153.79 | OK | |||
r-devel-windows-x86_64 | 0.10.1 | 9.00 | 106.00 | 115.00 | NOTE | |
r-patched-linux-x86_64 | 0.10.1 | OK | ||||
r-release-linux-x86_64 | 0.10.1 | 9.39 | 107.36 | 116.75 | OK | |
r-release-macos-arm64 | 0.10.1 | 59.00 | OK | |||
r-release-macos-x86_64 | 0.10.1 | 72.00 | OK | |||
r-release-windows-x86_64 | 0.10.1 | 10.00 | 103.00 | 113.00 | OK | |
r-oldrel-macos-arm64 | 0.10.1 | 53.00 | OK | |||
r-oldrel-macos-x86_64 | 0.10.1 | 105.00 | OK | |||
r-oldrel-windows-x86_64 | 0.10.1 | 11.00 | 122.00 | 133.00 | OK |
Version: 0.10.1
Check: Rd cross-references
Result: NOTE
Found the following Rd file(s) with Rd \link{} targets missing package
anchors:
mapsf.Rd: sf
Please provide package anchors for all Rd \link{} targets not in the
package itself and the base packages.
Flavors: r-devel-linux-x86_64-debian-gcc, r-devel-windows-x86_64