Last updated on 2025-02-21 02:52:15 CET.
Flavor | Version | Tinstall | Tcheck | Ttotal | Status | Flags |
---|---|---|---|---|---|---|
r-devel-linux-x86_64-debian-clang | 0.5.0 | 24.94 | 25.99 | 50.93 | OK | |
r-devel-linux-x86_64-debian-gcc | 0.5.0 | 20.77 | 20.36 | 41.13 | OK | |
r-devel-linux-x86_64-fedora-clang | 0.5.0 | 83.31 | OK | |||
r-devel-linux-x86_64-fedora-gcc | 0.5.0 | 103.52 | OK | |||
r-devel-macos-arm64 | 0.5.0 | 26.00 | OK | |||
r-devel-macos-x86_64 | 0.5.0 | 64.00 | OK | |||
r-devel-windows-x86_64 | 0.5.0 | 25.00 | 77.00 | 102.00 | OK | |
r-patched-linux-x86_64 | 0.5.0 | 28.81 | 24.78 | 53.59 | NOTE | |
r-release-linux-x86_64 | 0.5.0 | 28.43 | 24.85 | 53.28 | NOTE | |
r-release-macos-arm64 | 0.5.0 | 195.00 | NOTE | |||
r-release-macos-x86_64 | 0.5.0 | 205.00 | NOTE | |||
r-release-windows-x86_64 | 0.5.0 | 25.00 | 71.00 | 96.00 | NOTE | |
r-oldrel-macos-arm64 | 0.5.0 | 204.00 | NOTE | |||
r-oldrel-macos-x86_64 | 0.5.0 | 229.00 | NOTE | |||
r-oldrel-windows-x86_64 | 0.5.0 | 30.00 | 75.00 | 105.00 | NOTE |
Version: 0.5.0
Check: for GNU extensions in Makefiles
Result: NOTE
GNU make is a SystemRequirements.
Flavors: r-patched-linux-x86_64, r-release-linux-x86_64, r-release-macos-arm64, r-release-macos-x86_64, r-release-windows-x86_64, r-oldrel-macos-arm64, r-oldrel-macos-x86_64, r-oldrel-windows-x86_64
Version: 0.5.0
Check: installed package size
Result: NOTE
installed size is 6.1Mb
sub-directories of 1Mb or more:
libs 6.0Mb
Flavors: r-release-macos-arm64, r-release-macos-x86_64, r-oldrel-macos-arm64, r-oldrel-macos-x86_64