Last updated on 2025-02-19 01:50:53 CET.
Flavor | Version | Tinstall | Tcheck | Ttotal | Status | Flags |
---|---|---|---|---|---|---|
r-devel-linux-x86_64-debian-clang | 0.7.1 | 7.05 | 144.32 | 151.37 | OK | |
r-devel-linux-x86_64-debian-gcc | 0.7.1 | 4.88 | 100.60 | 105.48 | OK | |
r-devel-linux-x86_64-fedora-clang | 0.7.1 | 231.15 | OK | |||
r-devel-linux-x86_64-fedora-gcc | 0.7.1 | 254.79 | OK | |||
r-devel-macos-arm64 | 0.7.1 | 69.00 | OK | |||
r-devel-macos-x86_64 | 0.7.1 | 143.00 | OK | |||
r-devel-windows-x86_64 | 0.7.1 | 10.00 | 134.00 | 144.00 | OK | |
r-patched-linux-x86_64 | 0.7.1 | 6.90 | 133.98 | 140.88 | OK | |
r-release-linux-x86_64 | 0.7.1 | 5.64 | 134.14 | 139.78 | OK | |
r-release-macos-arm64 | 0.7.1 | 73.00 | NOTE | |||
r-release-macos-x86_64 | 0.7.1 | 154.00 | NOTE | |||
r-release-windows-x86_64 | 0.7.1 | 9.00 | 134.00 | 143.00 | NOTE | |
r-oldrel-macos-arm64 | 0.7.1 | 72.00 | NOTE | |||
r-oldrel-macos-x86_64 | 0.7.1 | 133.00 | NOTE | |||
r-oldrel-windows-x86_64 | 0.7.1 | 11.00 | 154.00 | 165.00 | NOTE |
Version: 0.7.1
Check: installed package size
Result: NOTE
installed size is 7.5Mb
sub-directories of 1Mb or more:
doc 6.4Mb
Flavors: r-release-macos-arm64, r-release-macos-x86_64, r-release-windows-x86_64, r-oldrel-macos-arm64, r-oldrel-macos-x86_64, r-oldrel-windows-x86_64