Last updated on 2024-05-09 01:56:00 CEST.
Flavor | Version | Tinstall | Tcheck | Ttotal | Status | Flags |
---|---|---|---|---|---|---|
r-devel-linux-x86_64-debian-clang | 1.2-2.1 | 14.10 | 91.94 | 106.04 | NOTE | |
r-devel-linux-x86_64-debian-gcc | 1.2-2.1 | 9.21 | 68.13 | 77.34 | NOTE | |
r-devel-linux-x86_64-fedora-clang | 1.2-2.1 | 127.94 | NOTE | |||
r-devel-linux-x86_64-fedora-gcc | 1.2-2.1 | 175.95 | NOTE | |||
r-devel-windows-x86_64 | 1.2-2.1 | 9.00 | 94.00 | 103.00 | NOTE | |
r-patched-linux-x86_64 | 1.2-2.1 | 12.34 | 87.87 | 100.21 | NOTE | |
r-release-linux-x86_64 | 1.2-2.1 | 9.21 | 86.75 | 95.96 | NOTE | |
r-release-macos-arm64 | 1.2-2.1 | 37.00 | NOTE | |||
r-release-windows-x86_64 | 1.2-2.1 | 11.00 | 93.00 | 104.00 | NOTE | |
r-oldrel-macos-arm64 | 1.2-2.1 | 40.00 | NOTE | |||
r-oldrel-macos-x86_64 | 1.2-2.1 | 66.00 | NOTE | |||
r-oldrel-windows-x86_64 | 1.2-2.1 | 14.00 | 109.00 | 123.00 | NOTE |
Version: 1.2-2.1
Check: Rd files
Result: NOTE
checkRd: (-1) residuals.rsm.Rd:74: Escaped LaTeX specials: \&
Flavors: r-devel-linux-x86_64-debian-clang, r-devel-linux-x86_64-debian-gcc, r-devel-linux-x86_64-fedora-clang, r-devel-linux-x86_64-fedora-gcc, r-devel-windows-x86_64, r-patched-linux-x86_64, r-release-linux-x86_64, r-release-macos-arm64, r-release-windows-x86_64, r-oldrel-macos-arm64, r-oldrel-macos-x86_64, r-oldrel-windows-x86_64
Version: 1.2-2.1
Check: package dependencies
Result: NOTE
Packages suggested but not available for checking: 'csampling', 'nlreg'
Flavor: r-oldrel-macos-x86_64