Last updated on 2024-07-27 01:53:16 CEST.
Flavor | Version | Tinstall | Tcheck | Ttotal | Status | Flags |
---|---|---|---|---|---|---|
r-devel-linux-x86_64-debian-clang | 0.2.79 | 60.37 | 324.55 | 384.92 | OK | |
r-devel-linux-x86_64-debian-gcc | 0.2.79 | 44.98 | 238.58 | 283.56 | OK | |
r-devel-linux-x86_64-fedora-clang | 0.2.79 | 499.02 | NOTE | |||
r-devel-linux-x86_64-fedora-gcc | 0.2.79 | 517.34 | NOTE | |||
r-devel-windows-x86_64 | 0.2.79 | 61.00 | 289.00 | 350.00 | OK | |
r-patched-linux-x86_64 | 0.2.79 | OK | ||||
r-release-linux-x86_64 | 0.2.79 | 51.32 | 306.48 | 357.80 | OK | |
r-release-macos-arm64 | 0.2.79 | 156.00 | NOTE | |||
r-release-macos-x86_64 | 0.2.79 | 233.00 | NOTE | |||
r-release-windows-x86_64 | 0.2.79 | 68.00 | 284.00 | 352.00 | OK | |
r-oldrel-macos-arm64 | 0.2.79 | 179.00 | NOTE | |||
r-oldrel-macos-x86_64 | 0.2.79 | 385.00 | NOTE | |||
r-oldrel-windows-x86_64 | 0.2.79 | 75.00 | 356.00 | 431.00 | OK |
Version: 0.2.79
Check: dependencies in R code
Result: NOTE
Namespace in Imports field not imported from: ‘softImpute’
All declared Imports should be used.
Flavors: r-devel-linux-x86_64-fedora-clang, r-devel-linux-x86_64-fedora-gcc
Version: 0.2.79
Check: installed package size
Result: NOTE
installed size is 8.3Mb
sub-directories of 1Mb or more:
libs 7.4Mb
Flavors: r-release-macos-arm64, r-release-macos-x86_64, r-oldrel-macos-arm64, r-oldrel-macos-x86_64