Last updated on 2024-07-27 01:53:16 CEST.
Flavor | Version | Tinstall | Tcheck | Ttotal | Status | Flags |
---|---|---|---|---|---|---|
r-devel-linux-x86_64-debian-clang | 2.9-10 | 22.43 | 348.87 | 371.30 | OK | |
r-devel-linux-x86_64-debian-gcc | 2.9-10 | 15.44 | 266.08 | 281.52 | NOTE | |
r-devel-linux-x86_64-fedora-clang | 2.9-10 | 491.20 | OK | |||
r-devel-linux-x86_64-fedora-gcc | 2.9-10 | 479.50 | OK | |||
r-devel-windows-x86_64 | 2.9-10 | 18.00 | 151.00 | 169.00 | NOTE | --no-vignettes |
r-patched-linux-x86_64 | 2.9-10 | OK | ||||
r-release-linux-x86_64 | 2.9-10 | 17.27 | 346.86 | 364.13 | OK | |
r-release-macos-arm64 | 2.9-10 | 149.00 | OK | |||
r-release-macos-x86_64 | 2.9-10 | 215.00 | OK | |||
r-release-windows-x86_64 | 2.9-10 | 18.00 | 144.00 | 162.00 | OK | --no-vignettes |
r-oldrel-macos-arm64 | 2.9-10 | 139.00 | OK | |||
r-oldrel-macos-x86_64 | 2.9-10 | 385.00 | OK | |||
r-oldrel-windows-x86_64 | 2.9-10 | 23.00 | 150.00 | 173.00 | OK | --no-vignettes |
Version: 2.9-10
Check: Rd cross-references
Result: NOTE
Found the following Rd file(s) with Rd \link{} targets missing package
anchors:
Family.Rd: Surv
confint.Rd: levelplot
Please provide package anchors for all Rd \link{} targets not in the
package itself and the base packages.
Flavor: r-devel-linux-x86_64-debian-gcc
Version: 2.9-10
Flags: --no-vignettes
Check: Rd cross-references
Result: NOTE
Found the following Rd file(s) with Rd \link{} targets missing package
anchors:
Family.Rd: Surv
confint.Rd: levelplot
Please provide package anchors for all Rd \link{} targets not in the
package itself and the base packages.
Flavor: r-devel-windows-x86_64