Last updated on 2024-07-27 01:53:16 CEST.
Flavor | Version | Tinstall | Tcheck | Ttotal | Status | Flags |
---|---|---|---|---|---|---|
r-devel-linux-x86_64-debian-clang | 0.4.3 | 17.85 | 147.63 | 165.48 | OK | |
r-devel-linux-x86_64-debian-gcc | 0.4.3 | 13.58 | 105.99 | 119.57 | NOTE | |
r-devel-linux-x86_64-fedora-clang | 0.4.3 | 206.18 | OK | |||
r-devel-linux-x86_64-fedora-gcc | 0.4.3 | 204.07 | OK | |||
r-devel-windows-x86_64 | 0.4.3 | 16.00 | 124.00 | 140.00 | NOTE | |
r-patched-linux-x86_64 | 0.4.3 | OK | ||||
r-release-linux-x86_64 | 0.4.3 | 15.23 | 137.91 | 153.14 | OK | |
r-release-macos-arm64 | 0.4.3 | 70.00 | OK | |||
r-release-macos-x86_64 | 0.4.3 | 117.00 | OK | |||
r-release-windows-x86_64 | 0.4.3 | 16.00 | 125.00 | 141.00 | OK | |
r-oldrel-macos-arm64 | 0.4.3 | 66.00 | OK | |||
r-oldrel-macos-x86_64 | 0.4.3 | 143.00 | OK | |||
r-oldrel-windows-x86_64 | 0.4.3 | 20.00 | 155.00 | 175.00 | OK |
Version: 0.4.3
Check: Rd cross-references
Result: NOTE
Found the following Rd file(s) with Rd \link{} targets missing package
anchors:
AuditorFitter.Rd: data.table
CVLearnerAuditorFitter.Rd: data.table
LearnerAuditorFitter.Rd: data.table
MCBoost.Rd: data.table
SubgroupAuditorFitter.Rd: data.table
SubpopAuditorFitter.Rd: data.table
mlr_pipeops_mcboost.Rd: R6Class, data.table, PipeOp, Learner
ppl_mcboost.Rd: Graph
Please provide package anchors for all Rd \link{} targets not in the
package itself and the base packages.
Flavors: r-devel-linux-x86_64-debian-gcc, r-devel-windows-x86_64