Last updated on 2024-07-27 01:53:16 CEST.
Flavor | Version | Tinstall | Tcheck | Ttotal | Status | Flags |
---|---|---|---|---|---|---|
r-devel-linux-x86_64-debian-clang | 2.2.1 | 28.37 | 76.94 | 105.31 | OK | |
r-devel-linux-x86_64-debian-gcc | 2.2.1 | 20.22 | 58.56 | 78.78 | NOTE | |
r-devel-linux-x86_64-fedora-clang | 2.2.1 | 184.52 | OK | |||
r-devel-linux-x86_64-fedora-gcc | 2.2.1 | 158.02 | OK | |||
r-devel-windows-x86_64 | 2.2.1 | 29.00 | 82.00 | 111.00 | NOTE | |
r-patched-linux-x86_64 | 2.2.1 | OK | ||||
r-release-linux-x86_64 | 2.2.1 | 24.92 | 74.86 | 99.78 | OK | |
r-release-macos-arm64 | 2.2.1 | 37.00 | OK | |||
r-release-macos-x86_64 | 2.2.1 | 52.00 | OK | |||
r-release-windows-x86_64 | 2.2.1 | 32.00 | 78.00 | 110.00 | OK | |
r-oldrel-macos-arm64 | 2.2.1 | 45.00 | OK | |||
r-oldrel-macos-x86_64 | 2.2.1 | 83.00 | OK | |||
r-oldrel-windows-x86_64 | 2.2.1 | 30.00 | 91.00 | 121.00 | OK |
Version: 2.2.1
Check: Rd cross-references
Result: NOTE
Found the following Rd file(s) with Rd \link{} targets missing package
anchors:
linkage.Rd: agnes
Please provide package anchors for all Rd \link{} targets not in the
package itself and the base packages.
Flavors: r-devel-linux-x86_64-debian-gcc, r-devel-windows-x86_64