Last updated on 2024-07-27 01:53:16 CEST.
Flavor | Version | Tinstall | Tcheck | Ttotal | Status | Flags |
---|---|---|---|---|---|---|
r-devel-linux-x86_64-debian-clang | 1.0.0 | 590.38 | 716.44 | 1306.82 | NOTE | |
r-devel-linux-x86_64-debian-gcc | 1.0.0 | 445.60 | 588.99 | 1034.59 | NOTE | |
r-devel-linux-x86_64-fedora-clang | 1.0.0 | 1562.64 | NOTE | |||
r-devel-linux-x86_64-fedora-gcc | 1.0.0 | 1981.50 | NOTE | |||
r-devel-windows-x86_64 | 1.0.0 | 437.00 | 533.00 | 970.00 | NOTE | |
r-patched-linux-x86_64 | 1.0.0 | NOTE | ||||
r-release-linux-x86_64 | 1.0.0 | 407.43 | 803.71 | 1211.14 | NOTE | |
r-release-macos-arm64 | 1.0.0 | 368.00 | NOTE | |||
r-release-macos-x86_64 | 1.0.0 | 462.00 | NOTE | |||
r-release-windows-x86_64 | 1.0.0 | 444.00 | 507.00 | 951.00 | NOTE | |
r-oldrel-macos-arm64 | 1.0.0 | 352.00 | NOTE | |||
r-oldrel-macos-x86_64 | 1.0.0 | 579.00 | NOTE | |||
r-oldrel-windows-x86_64 | 1.0.0 | 539.00 | 721.00 | 1260.00 | NOTE |
Version: 1.0.0
Check: package dependencies
Result: NOTE
Package suggested but not available for checking: ‘cmdstanr’
Flavors: r-devel-linux-x86_64-debian-clang, r-devel-linux-x86_64-debian-gcc, r-devel-linux-x86_64-fedora-clang, r-devel-linux-x86_64-fedora-gcc, r-devel-windows-x86_64, r-patched-linux-x86_64, r-release-linux-x86_64, r-release-macos-arm64, r-release-macos-x86_64, r-release-windows-x86_64, r-oldrel-macos-arm64, r-oldrel-macos-x86_64, r-oldrel-windows-x86_64
Version: 1.0.0
Check: for GNU extensions in Makefiles
Result: NOTE
GNU make is a SystemRequirements.
Flavors: r-devel-linux-x86_64-debian-clang, r-devel-linux-x86_64-debian-gcc, r-devel-linux-x86_64-fedora-clang, r-devel-linux-x86_64-fedora-gcc, r-devel-windows-x86_64, r-patched-linux-x86_64, r-release-linux-x86_64, r-release-macos-arm64, r-release-macos-x86_64, r-release-windows-x86_64, r-oldrel-macos-arm64, r-oldrel-macos-x86_64, r-oldrel-windows-x86_64
Version: 1.0.0
Check: installed package size
Result: NOTE
installed size is 6.5Mb
sub-directories of 1Mb or more:
libs 5.0Mb
Flavors: r-devel-linux-x86_64-fedora-clang, r-devel-windows-x86_64, r-release-macos-arm64, r-release-macos-x86_64, r-release-windows-x86_64, r-oldrel-macos-arm64, r-oldrel-macos-x86_64, r-oldrel-windows-x86_64
Version: 1.0.0
Check: dependencies in R code
Result: NOTE
Namespaces in Imports field not imported from:
‘RcppParallel’ ‘rstantools’
All declared Imports should be used.
Flavors: r-devel-linux-x86_64-fedora-clang, r-devel-linux-x86_64-fedora-gcc