Last updated on 2025-02-10 02:49:58 CET.
Flavor | Version | Tinstall | Tcheck | Ttotal | Status | Flags |
---|---|---|---|---|---|---|
r-devel-linux-x86_64-debian-clang | 0.1.0 | 3.98 | 33.38 | 37.36 | NOTE | |
r-devel-linux-x86_64-debian-gcc | 0.1.0 | 3.07 | 25.01 | 28.08 | NOTE | |
r-devel-linux-x86_64-fedora-clang | 0.1.0 | 62.84 | NOTE | |||
r-devel-linux-x86_64-fedora-gcc | 0.1.0 | 56.42 | NOTE | |||
r-devel-windows-x86_64 | 0.1.0 | 5.00 | 59.00 | 64.00 | NOTE | |
r-patched-linux-x86_64 | 0.1.0 | 4.50 | 31.54 | 36.04 | NOTE | |
r-release-linux-x86_64 | 0.1.0 | 4.20 | 31.23 | 35.43 | NOTE | |
r-release-macos-arm64 | 0.1.0 | 19.00 | NOTE | |||
r-release-macos-x86_64 | 0.1.0 | 30.00 | NOTE | |||
r-release-windows-x86_64 | 0.1.0 | 5.00 | 58.00 | 63.00 | NOTE | |
r-oldrel-macos-arm64 | 0.1.0 | 24.00 | OK | |||
r-oldrel-macos-x86_64 | 0.1.0 | 37.00 | OK | |||
r-oldrel-windows-x86_64 | 0.1.0 | 6.00 | 65.00 | 71.00 | OK |
Version: 0.1.0
Check: Rd files
Result: NOTE
checkRd: (-1) bhm.mcmc.Rd:37: Lost braces; missing escapes or markup?
37 | where \eqn{N_{ij}} denotes the number of times that the error profile \eqn{i} is cited on a report from hospital {j} and \eqn{y_{ij}} is the corresponding number of times that profile \eqn{i} in hospital \eqn{j} was reported with harm.
| ^
Flavors: r-devel-linux-x86_64-debian-clang, r-devel-linux-x86_64-debian-gcc, r-devel-linux-x86_64-fedora-clang, r-devel-linux-x86_64-fedora-gcc, r-devel-windows-x86_64, r-patched-linux-x86_64, r-release-linux-x86_64, r-release-macos-arm64, r-release-macos-x86_64, r-release-windows-x86_64