Last updated on 2025-05-04 02:50:10 CEST.
Flavor | Version | Tinstall | Tcheck | Ttotal | Status | Flags |
---|---|---|---|---|---|---|
r-devel-linux-x86_64-debian-clang | 0.1.0 | 1.38 | 16.07 | 17.45 | NOTE | |
r-devel-linux-x86_64-debian-gcc | 0.1.0 | 1.31 | 13.66 | 14.97 | NOTE | |
r-devel-linux-x86_64-fedora-clang | 0.1.0 | 27.38 | OK | |||
r-devel-linux-x86_64-fedora-gcc | 0.1.0 | 26.66 | OK | |||
r-devel-windows-x86_64 | 0.1.0 | 2.00 | 36.00 | 38.00 | OK | |
r-patched-linux-x86_64 | 0.1.0 | 1.44 | 15.69 | 17.13 | OK | |
r-release-linux-x86_64 | OK | |||||
r-release-macos-arm64 | 0.1.0 | 15.00 | OK | |||
r-release-macos-x86_64 | 0.1.0 | 22.00 | OK | |||
r-release-windows-x86_64 | 0.1.0 | 3.00 | 37.00 | 40.00 | OK | |
r-oldrel-macos-arm64 | 0.1.0 | 14.00 | OK | |||
r-oldrel-macos-x86_64 | 0.1.0 | 18.00 | OK | |||
r-oldrel-windows-x86_64 | 0.1.0 | 4.00 | 37.00 | 41.00 | OK |
Version: 0.1.0
Check: CRAN incoming feasibility
Result: NOTE
Maintainer: ‘Olivia Ortelli <oortelli@wakehealth.edu>’
No Authors@R field in DESCRIPTION.
Please add one, modifying
Authors@R: c(person(given = "Olivia",
family = "Ortelli",
role = c("aut", "cre"),
email = "oortelli@wakehealth.edu"),
person(given = "Tony",
family = "Colarusso",
role = "aut"))
as necessary.
Flavors: r-devel-linux-x86_64-debian-clang, r-devel-linux-x86_64-debian-gcc