CRAN Package Check Results for Package memify

Last updated on 2025-05-04 02:50:10 CEST.

Flavor Version Tinstall Tcheck Ttotal Status Flags
r-devel-linux-x86_64-debian-clang 0.1.1 1.54 18.02 19.56 NOTE
r-devel-linux-x86_64-debian-gcc 0.1.1 1.28 14.91 16.19 NOTE
r-devel-linux-x86_64-fedora-clang 0.1.1 30.82 OK
r-devel-linux-x86_64-fedora-gcc 0.1.1 29.71 OK
r-devel-windows-x86_64 0.1.1 2.00 46.00 48.00 OK
r-patched-linux-x86_64 0.1.1 1.43 17.72 19.15 OK
r-release-linux-x86_64 OK
r-release-macos-arm64 0.1.1 29.00 OK
r-release-macos-x86_64 0.1.1 25.00 OK
r-release-windows-x86_64 0.1.1 3.00 47.00 50.00 OK
r-oldrel-macos-arm64 0.1.1 14.00 NOTE
r-oldrel-macos-x86_64 0.1.1 20.00 NOTE
r-oldrel-windows-x86_64 0.1.1 2.00 44.00 46.00 NOTE

Check Details

Version: 0.1.1
Check: CRAN incoming feasibility
Result: NOTE Maintainer: ‘Bert Gunter <bgunter.4567@gmail.com>’ No Authors@R field in DESCRIPTION. Please add one, modifying Authors@R: person(given = "Bert", family = "Gunter", role = c("aut", "cre"), email = "bgunter.4567@gmail.com") as necessary. Flavors: r-devel-linux-x86_64-debian-clang, r-devel-linux-x86_64-debian-gcc

Version: 0.1.1
Check: LazyData
Result: NOTE 'LazyData' is specified without a 'data' directory Flavors: r-oldrel-macos-arm64, r-oldrel-macos-x86_64, r-oldrel-windows-x86_64