Last updated on 2024-07-27 01:53:16 CEST.
Flavor | Version | Tinstall | Tcheck | Ttotal | Status | Flags |
---|---|---|---|---|---|---|
r-devel-linux-x86_64-debian-clang | 0.15.0 | 16.74 | 321.58 | 338.32 | OK | |
r-devel-linux-x86_64-debian-gcc | 0.15.0 | 14.65 | 249.65 | 264.30 | NOTE | |
r-devel-linux-x86_64-fedora-clang | 0.15.0 | 449.95 | NOTE | |||
r-devel-linux-x86_64-fedora-gcc | 0.15.0 | 431.53 | OK | |||
r-devel-windows-x86_64 | 0.15.0 | 16.00 | 278.00 | 294.00 | NOTE | |
r-patched-linux-x86_64 | 0.15.0 | OK | ||||
r-release-linux-x86_64 | 0.15.0 | 19.21 | 335.79 | 355.00 | OK | |
r-release-macos-arm64 | 0.15.0 | 115.00 | OK | |||
r-release-macos-x86_64 | 0.15.0 | 200.00 | OK | |||
r-release-windows-x86_64 | 0.15.0 | 16.00 | 279.00 | 295.00 | OK | |
r-oldrel-macos-arm64 | 0.15.0 | 111.00 | OK | |||
r-oldrel-macos-x86_64 | 0.15.0 | 284.00 | OK | |||
r-oldrel-windows-x86_64 | 0.15.0 | 23.00 | 352.00 | 375.00 | OK |
Version: 0.15.0
Check: Rd cross-references
Result: NOTE
Found the following Rd file(s) with Rd \link{} targets missing package
anchors:
EOF.Rd: autoplot
metR.Rd: ggplot2, data.table
Please provide package anchors for all Rd \link{} targets not in the
package itself and the base packages.
Flavors: r-devel-linux-x86_64-debian-gcc, r-devel-windows-x86_64
Version: 0.15.0
Check: Rd cross-references
Result: NOTE
Undeclared package ‘rlang’ in Rd xrefs
Flavor: r-devel-linux-x86_64-fedora-clang