Last updated on 2024-07-27 01:53:16 CEST.
Flavor | Version | Tinstall | Tcheck | Ttotal | Status | Flags |
---|---|---|---|---|---|---|
r-devel-linux-x86_64-debian-clang | 7.0-0 | 73.81 | 463.37 | 537.18 | OK | |
r-devel-linux-x86_64-debian-gcc | 7.0-0 | 58.51 | 330.17 | 388.68 | OK | |
r-devel-linux-x86_64-fedora-clang | 7.0-0 | 654.18 | NOTE | |||
r-devel-linux-x86_64-fedora-gcc | 7.0-0 | 626.20 | OK | |||
r-devel-windows-x86_64 | 7.0-0 | 63.00 | 336.00 | 399.00 | OK | |
r-patched-linux-x86_64 | 7.0-0 | OK | ||||
r-release-linux-x86_64 | 7.0-0 | 68.08 | 444.25 | 512.33 | OK | |
r-release-macos-arm64 | 7.0-0 | 154.00 | OK | |||
r-release-macos-x86_64 | 7.0-0 | 243.00 | OK | |||
r-release-windows-x86_64 | 7.0-0 | 60.00 | 335.00 | 395.00 | OK | |
r-oldrel-macos-arm64 | 7.0-0 | 154.00 | OK | |||
r-oldrel-macos-x86_64 | 7.0-0 | 355.00 | OK | |||
r-oldrel-windows-x86_64 | 7.0-0 | 82.00 | 428.00 | 510.00 | OK |
Version: 7.0-0
Check: Rd cross-references
Result: NOTE
Undeclared packages ‘netmeta’, ‘metasens’, ‘robumeta’ in Rd xrefs
Flavor: r-devel-linux-x86_64-fedora-clang