Last updated on 2024-07-27 01:53:16 CEST.
Flavor | Version | Tinstall | Tcheck | Ttotal | Status | Flags |
---|---|---|---|---|---|---|
r-devel-linux-x86_64-debian-clang | 2.0.0 | 6.26 | 67.27 | 73.53 | NOTE | |
r-devel-linux-x86_64-debian-gcc | 2.0.0 | 4.40 | 47.25 | 51.65 | NOTE | |
r-devel-linux-x86_64-fedora-clang | 2.0.0 | 89.80 | NOTE | |||
r-devel-linux-x86_64-fedora-gcc | 2.0.0 | 85.21 | NOTE | |||
r-devel-windows-x86_64 | 2.0.0 | 6.00 | 63.00 | 69.00 | NOTE | |
r-patched-linux-x86_64 | 2.0.0 | NOTE | ||||
r-release-linux-x86_64 | 2.0.0 | 5.40 | 68.52 | 73.92 | NOTE | |
r-release-macos-arm64 | 2.0.0 | 23.00 | NOTE | |||
r-release-macos-x86_64 | 2.0.0 | 37.00 | NOTE | |||
r-release-windows-x86_64 | 2.0.0 | 6.00 | 60.00 | 66.00 | NOTE | |
r-oldrel-macos-arm64 | 2.0.0 | 28.00 | NOTE | |||
r-oldrel-macos-x86_64 | 2.0.0 | 42.00 | NOTE | |||
r-oldrel-windows-x86_64 | 2.0.0 | 6.00 | 76.00 | 82.00 | NOTE |
Version: 2.0.0
Check: LazyData
Result: NOTE
'LazyData' is specified without a 'data' directory
Flavors: r-devel-linux-x86_64-debian-clang, r-devel-linux-x86_64-debian-gcc, r-devel-linux-x86_64-fedora-clang, r-devel-linux-x86_64-fedora-gcc, r-devel-windows-x86_64, r-patched-linux-x86_64, r-release-linux-x86_64, r-release-macos-arm64, r-release-macos-x86_64, r-release-windows-x86_64, r-oldrel-macos-arm64, r-oldrel-macos-x86_64, r-oldrel-windows-x86_64