Last updated on 2024-07-27 01:53:16 CEST.
Flavor | Version | Tinstall | Tcheck | Ttotal | Status | Flags |
---|---|---|---|---|---|---|
r-devel-linux-x86_64-debian-clang | 1.1.1 | 3.67 | 154.71 | 158.38 | OK | |
r-devel-linux-x86_64-debian-gcc | 1.1.1 | 3.03 | 103.92 | 106.95 | NOTE | |
r-devel-linux-x86_64-fedora-clang | 1.1.1 | 192.17 | OK | |||
r-devel-linux-x86_64-fedora-gcc | 1.1.1 | 181.13 | OK | |||
r-devel-windows-x86_64 | 1.1.1 | 6.00 | 131.00 | 137.00 | NOTE | |
r-patched-linux-x86_64 | 1.1.1 | OK | ||||
r-release-linux-x86_64 | 1.1.1 | 2.56 | 144.90 | 147.46 | OK | |
r-release-macos-arm64 | 1.1.1 | 50.00 | OK | |||
r-release-macos-x86_64 | 1.1.1 | 79.00 | OK | |||
r-release-windows-x86_64 | 1.1.1 | 5.00 | 141.00 | 146.00 | OK | |
r-oldrel-macos-arm64 | 1.1.1 | 54.00 | OK | |||
r-oldrel-macos-x86_64 | 1.1.1 | 123.00 | OK | |||
r-oldrel-windows-x86_64 | 1.1.1 | 6.00 | 155.00 | 161.00 | OK |
Version: 1.1.1
Check: Rd cross-references
Result: NOTE
Found the following Rd file(s) with Rd \link{} targets missing package
anchors:
metamedian-defunct.Rd: qe.fit, print.qe.fit
qe.Rd: qe.fit
qe.study.level.Rd: qe.fit
Please provide package anchors for all Rd \link{} targets not in the
package itself and the base packages.
Flavors: r-devel-linux-x86_64-debian-gcc, r-devel-windows-x86_64