Last updated on 2024-07-27 01:53:16 CEST.
Flavor | Version | Tinstall | Tcheck | Ttotal | Status | Flags |
---|---|---|---|---|---|---|
r-devel-linux-x86_64-debian-clang | 1.0.2 | 5.21 | 56.63 | 61.84 | NOTE | |
r-devel-linux-x86_64-debian-gcc | 1.0.2 | 4.18 | 45.08 | 49.26 | NOTE | |
r-devel-linux-x86_64-fedora-clang | 1.0.2 | 88.13 | NOTE | |||
r-devel-linux-x86_64-fedora-gcc | 1.0.2 | 90.83 | NOTE | |||
r-devel-windows-x86_64 | 1.0.2 | 9.00 | 75.00 | 84.00 | NOTE | |
r-patched-linux-x86_64 | 1.0.2 | NOTE | ||||
r-release-linux-x86_64 | 1.0.2 | 4.82 | 55.50 | 60.32 | NOTE | |
r-release-macos-arm64 | 1.0.2 | 52.00 | NOTE | |||
r-release-macos-x86_64 | 1.0.2 | 57.00 | NOTE | |||
r-release-windows-x86_64 | 1.0.2 | 7.00 | 76.00 | 83.00 | NOTE | |
r-oldrel-macos-arm64 | 1.0.2 | 41.00 | NOTE | |||
r-oldrel-macos-x86_64 | 1.0.2 | 95.00 | NOTE | |||
r-oldrel-windows-x86_64 | 1.0.2 | 8.00 | 79.00 | 87.00 | NOTE |
Version: 1.0.2
Check: package dependencies
Result: NOTE
Package suggested but not available for checking: ‘midfielddata’
Flavors: r-devel-linux-x86_64-debian-clang, r-devel-linux-x86_64-debian-gcc, r-devel-linux-x86_64-fedora-clang, r-devel-linux-x86_64-fedora-gcc, r-devel-windows-x86_64, r-patched-linux-x86_64, r-release-linux-x86_64, r-release-macos-arm64, r-release-macos-x86_64, r-release-windows-x86_64, r-oldrel-macos-arm64, r-oldrel-macos-x86_64, r-oldrel-windows-x86_64