Last updated on 2024-07-27 01:53:16 CEST.
Flavor | Version | Tinstall | Tcheck | Ttotal | Status | Flags |
---|---|---|---|---|---|---|
r-devel-linux-x86_64-debian-clang | 3.1.1 | 7.41 | 48.87 | 56.28 | NOTE | |
r-devel-linux-x86_64-debian-gcc | 3.1.1 | 5.58 | 36.12 | 41.70 | NOTE | |
r-devel-linux-x86_64-fedora-clang | 3.1.1 | 72.76 | NOTE | |||
r-devel-linux-x86_64-fedora-gcc | 3.1.1 | 66.19 | NOTE | |||
r-devel-windows-x86_64 | 3.1.1 | 6.00 | 54.00 | 60.00 | NOTE | |
r-patched-linux-x86_64 | 3.1.1 | NOTE | ||||
r-release-linux-x86_64 | 3.1.1 | 6.69 | 46.69 | 53.38 | NOTE | |
r-release-macos-arm64 | 3.1.1 | 34.00 | NOTE | |||
r-release-macos-x86_64 | 3.1.1 | 76.00 | NOTE | |||
r-release-windows-x86_64 | 3.1.1 | 6.00 | 53.00 | 59.00 | NOTE | |
r-oldrel-macos-arm64 | 3.1.1 | 24.00 | NOTE | |||
r-oldrel-macos-x86_64 | 3.1.1 | 39.00 | NOTE | |||
r-oldrel-windows-x86_64 | 3.1.1 | 7.00 | 57.00 | 64.00 | NOTE |
Version: 3.1.1
Check: LazyData
Result: NOTE
'LazyData' is specified without a 'data' directory
Flavors: r-devel-linux-x86_64-debian-clang, r-devel-linux-x86_64-debian-gcc, r-devel-linux-x86_64-fedora-clang, r-devel-linux-x86_64-fedora-gcc, r-devel-windows-x86_64, r-patched-linux-x86_64, r-release-linux-x86_64, r-release-macos-arm64, r-release-macos-x86_64, r-release-windows-x86_64, r-oldrel-macos-arm64, r-oldrel-macos-x86_64, r-oldrel-windows-x86_64