Last updated on 2024-07-27 01:53:16 CEST.
Flavor | Version | Tinstall | Tcheck | Ttotal | Status | Flags |
---|---|---|---|---|---|---|
r-devel-linux-x86_64-debian-clang | 0.7 | 123.54 | 98.15 | 221.69 | OK | |
r-devel-linux-x86_64-debian-gcc | 0.7 | 98.92 | 82.75 | 181.67 | OK | |
r-devel-linux-x86_64-fedora-clang | 0.7 | 414.02 | OK | |||
r-devel-linux-x86_64-fedora-gcc | 0.7 | 372.68 | OK | |||
r-devel-windows-x86_64 | 0.7 | 113.00 | 108.00 | 221.00 | OK | |
r-patched-linux-x86_64 | 0.7 | OK | ||||
r-release-linux-x86_64 | 0.7 | 117.74 | 103.79 | 221.53 | OK | |
r-release-macos-arm64 | 0.7 | 120.00 | NOTE | |||
r-release-macos-x86_64 | 0.7 | 198.00 | NOTE | |||
r-release-windows-x86_64 | 0.7 | 138.00 | 117.00 | 255.00 | OK | |
r-oldrel-macos-arm64 | 0.7 | 127.00 | NOTE | |||
r-oldrel-macos-x86_64 | 0.7 | 234.00 | NOTE | |||
r-oldrel-windows-x86_64 | 0.7 | 126.00 | 143.00 | 269.00 | OK |
Version: 0.7
Check: installed package size
Result: NOTE
installed size is 14.9Mb
sub-directories of 1Mb or more:
libs 14.2Mb
Flavors: r-release-macos-arm64, r-release-macos-x86_64, r-oldrel-macos-arm64, r-oldrel-macos-x86_64